{"id":15589,"date":"2020-03-08T01:31:16","date_gmt":"2020-03-08T00:31:16","guid":{"rendered":"https:\/\/werkzeuge-aller-art.com\/?product=juskys-eckregal-corner-easy-4-boeden-aus-mdf-holz-320-kg-metall-verzinkt-schwerlastregal-steckregal-lagerregal-kellerregal"},"modified":"2023-04-10T06:36:08","modified_gmt":"2023-04-10T04:36:08","slug":"juskys-eckregal-corner-easy-4-boeden-aus-mdf-holz-320-kg-metall-verzinkt-schwerlastregal-steckregal-lagerregal-kellerregal","status":"publish","type":"product","link":"https:\/\/werkzeuge-aller-art.com\/?product=juskys-eckregal-corner-easy-4-boeden-aus-mdf-holz-320-kg-metall-verzinkt-schwerlastregal-steckregal-lagerregal-kellerregal","title":{"rendered":"Juskys Eckregal Lageregal Corner Easy 160 x 75 x 40-75 cm | 320 kg | 4 B\u00f6den aus MDF Holz | Metall verzinkt\u2026"},"content":{"rendered":"<div id='gallery-1' class='gallery galleryid-15589 gallery-columns-3 gallery-size-full'><dl class='gallery-item'>\r\n\t<dt class='gallery-icon landscape'>\r\n\t<a rel='gallery-nr'><img loading=\"lazy\" decoding=\"async\" width=\"500\" height=\"500\" src=\"https:\/\/images-na.ssl-images-amazon.com\/images\/I\/515qc-aseZL.jpg\" class=\"attachment-full size-full\" alt=\"\" srcset=\"https:\/\/images-na.ssl-images-amazon.com\/images\/I\/515qc-aseZL.jpg 500w, https:\/\/images-na.ssl-images-amazon.com\/images\/I\/515qc-aseZL._SS150_.jpg 150w, https:\/\/images-na.ssl-images-amazon.com\/images\/I\/515qc-aseZL._SS300_.jpg 300w, https:\/\/images-na.ssl-images-amazon.com\/images\/I\/515qc-aseZL._SS768_.jpg 768w, https:\/\/images-na.ssl-images-amazon.com\/images\/I\/515qc-aseZL._SS1024_.jpg 1024w, https:\/\/images-na.ssl-images-amazon.com\/images\/I\/515qc-aseZL._SS1536_.jpg 1536w, https:\/\/images-na.ssl-images-amazon.com\/images\/I\/515qc-aseZL._SS2048_.jpg 2048w, https:\/\/images-na.ssl-images-amazon.com\/images\/I\/515qc-aseZL._SS145_.jpg 145w, https:\/\/images-na.ssl-images-amazon.com\/images\/I\/515qc-aseZL._SS1400_.jpg 1400w, https:\/\/images-na.ssl-images-amazon.com\/images\/I\/515qc-aseZL._SS50_.jpg 50w, https:\/\/images-na.ssl-images-amazon.com\/images\/I\/515qc-aseZL._SS604_.jpg 604w, https:\/\/images-na.ssl-images-amazon.com\/images\/I\/515qc-aseZL._SS262_.jpg 262w, https:\/\/images-na.ssl-images-amazon.com\/images\/I\/515qc-aseZL._SS600_.jpg 600w, https:\/\/images-na.ssl-images-amazon.com\/images\/I\/515qc-aseZL._SS100_.jpg 100w\" sizes=\"auto, (max-width: 500px) 100vw, 500px\" \/><\/a>\r\n\t<\/dt>\r\n\t<dd class='wp-caption-text gallery-caption'>\r\n\t<div class='gallery-caption-inner'> <div class='wp-caption-text gallery-title'>\r\n\tJuskys-Eckregal-Corner-Easy-4-Bden-aus-MDF-Holz-320-kg-Metall-verzinkt-Schwerlastregal-Steckregal-Lagerregal-Kellerregal\r\n\t<\/div><div class='wp-caption-text gallery-zoom no-text'>\r\n\t\t<a href=https:\/\/werkzeuge-aller-art.com\/?attachment_id=15590 title='Click to view Full Image' class='icon mustang-gallery'><i class='fa fa-plus'><\/i><\/a>\r\n\t\t<\/div><div class='wp-caption-text gallery-redirect'>\r\n\t\t<a href=https:\/\/werkzeuge-aller-art.com\/?attachment_id=15590 title='Click to view read more' class='icon readmore'><i class='fa fa-link'><\/i><\/a>\r\n\t\t<\/div><\/div><\/dd><\/dl><dl class='gallery-item'>\r\n\t<dt class='gallery-icon landscape'>\r\n\t<a rel='gallery-nr'><img loading=\"lazy\" decoding=\"async\" width=\"500\" height=\"500\" src=\"https:\/\/images-na.ssl-images-amazon.com\/images\/I\/41yuTmIRv1L.jpg\" class=\"attachment-full size-full\" alt=\"\" srcset=\"https:\/\/images-na.ssl-images-amazon.com\/images\/I\/41yuTmIRv1L.jpg 500w, https:\/\/images-na.ssl-images-amazon.com\/images\/I\/41yuTmIRv1L._SS150_.jpg 150w, https:\/\/images-na.ssl-images-amazon.com\/images\/I\/41yuTmIRv1L._SS300_.jpg 300w, https:\/\/images-na.ssl-images-amazon.com\/images\/I\/41yuTmIRv1L._SS768_.jpg 768w, https:\/\/images-na.ssl-images-amazon.com\/images\/I\/41yuTmIRv1L._SS1024_.jpg 1024w, https:\/\/images-na.ssl-images-amazon.com\/images\/I\/41yuTmIRv1L._SS1536_.jpg 1536w, https:\/\/images-na.ssl-images-amazon.com\/images\/I\/41yuTmIRv1L._SS2048_.jpg 2048w, https:\/\/images-na.ssl-images-amazon.com\/images\/I\/41yuTmIRv1L._SS145_.jpg 145w, https:\/\/images-na.ssl-images-amazon.com\/images\/I\/41yuTmIRv1L._SS1400_.jpg 1400w, https:\/\/images-na.ssl-images-amazon.com\/images\/I\/41yuTmIRv1L._SS50_.jpg 50w, https:\/\/images-na.ssl-images-amazon.com\/images\/I\/41yuTmIRv1L._SS604_.jpg 604w, https:\/\/images-na.ssl-images-amazon.com\/images\/I\/41yuTmIRv1L._SS262_.jpg 262w, https:\/\/images-na.ssl-images-amazon.com\/images\/I\/41yuTmIRv1L._SS600_.jpg 600w, https:\/\/images-na.ssl-images-amazon.com\/images\/I\/41yuTmIRv1L._SS100_.jpg 100w\" sizes=\"auto, (max-width: 500px) 100vw, 500px\" \/><\/a>\r\n\t<\/dt>\r\n\t<dd class='wp-caption-text gallery-caption'>\r\n\t<div class='gallery-caption-inner'> <div class='wp-caption-text gallery-title'>\r\n\tJuskys-Eckregal-Corner-Easy-4-Bden-aus-MDF-Holz-320-kg-Metall-verzinkt-Schwerlastregal-Steckregal-Lagerregal-Kellerregal\r\n\t<\/div><div class='wp-caption-text gallery-zoom no-text'>\r\n\t\t<a href=https:\/\/werkzeuge-aller-art.com\/?attachment_id=15591 title='Click to view Full Image' class='icon mustang-gallery'><i class='fa fa-plus'><\/i><\/a>\r\n\t\t<\/div><div class='wp-caption-text gallery-redirect'>\r\n\t\t<a href=https:\/\/werkzeuge-aller-art.com\/?attachment_id=15591 title='Click to view read more' class='icon readmore'><i class='fa fa-link'><\/i><\/a>\r\n\t\t<\/div><\/div><\/dd><\/dl>\r\n<\/div>\n<br \/>\n\u2714\ufe0f stabiles Regalsystem: 1 Eckregal aus verzinktem Metall und MDF Holz. Platzsparendes Regal f\u00fcr Keller, Garage, Werkstatt, Lager oder Abstellkammer.<br \/>\n\u2714\ufe0f viel Stauraum: Mit insgesamt 4 Einlegeb\u00f6den bietet das Schwerlastregal reichlich Stauraum f\u00fcr die Aufbewahrung von Gartenzubeh\u00f6r, Werkzeug, Vorr\u00e4te oder Ordner.<br \/>\n\u2714\ufe0f 320 kg Traglast: Einlegeb\u00f6den haben je eine max. Traglast von 80 kg bei gleicher Lastverteilung. Tr\u00e4ger geben den B\u00f6den zus\u00e4tzliche Stabilit\u00e4t.<br \/>\n\u2714\ufe0f flexibler Aufbau: Wandregal l\u00e4sst sich in unterschiedlichen Varianten zusammenbauen. H\u00f6he zwischen B\u00f6den frei w\u00e4hlbar. Auch als Werkbank aufzubauen.<br \/>\n\u2714\ufe0f Montage ohne Bohren: Stecksystem erm\u00f6glicht einen Aufbau ohne Bohren oder Schrauben. Steckregal auch mit 1 Person einfach einh\u00e4ngen und befestigen.<br \/>\n<div class=\"main-cross-sell\" data-asin=\"B083Y4T2TY\">\n\n\t<div class=\"WooZone-cross-sell-loader\">\n\t\t<div>\n\t\t\t<div id=\"floatingBarsG\">\n\t\t\t\t<div class=\"blockG\" id=\"rotateG_01\"><\/div>\n\t\t\t\t<div class=\"blockG\" id=\"rotateG_02\"><\/div>\n\t\t\t\t<div class=\"blockG\" id=\"rotateG_03\"><\/div>\n\t\t\t\t<div class=\"blockG\" id=\"rotateG_04\"><\/div>\n\t\t\t\t<div class=\"blockG\" id=\"rotateG_05\"><\/div>\n\t\t\t\t<div class=\"blockG\" id=\"rotateG_06\"><\/div>\n\t\t\t\t<div class=\"blockG\" id=\"rotateG_07\"><\/div>\n\t\t\t\t<div class=\"blockG\" id=\"rotateG_08\"><\/div>\n\t\t\t<\/div>\n\t\t\t<div class=\"WooZone-cross-sell-loader-text\"><\/div>\n\t\t<\/div>\n\t<\/div>\n\n\t\t\n<\/div>\n<div style=\"clear:both;\"><\/div>\n","protected":false},"excerpt":{"rendered":"<p>\u2714\ufe0f stabiles Regalsystem: 1 Eckregal aus verzinktem Metall und MDF Holz. Platzsparendes Regal f\u00fcr Keller, Garage, Werkstatt, Lager oder Abstellkammer.<br \/>\n\u2714\ufe0f viel Stauraum: Mit insgesamt 4 Einlegeb\u00f6den bietet das Schwerlastregal reichlich Stauraum f\u00fcr die Aufbewahrung von Gartenzubeh\u00f6r, Werkzeug, Vorr\u00e4te oder Ordner.<br \/>\n\u2714\ufe0f 320 kg Traglast: Einlegeb\u00f6den haben je eine max. Traglast von 80 kg bei gleicher Lastverteilung. Tr\u00e4ger geben den B\u00f6den zus\u00e4tzliche Stabilit\u00e4t.<\/p>\n","protected":false},"featured_media":15590,"comment_status":"open","ping_status":"closed","template":"","meta":[],"product_cat":[126,112],"product_tag":[],"class_list":{"0":"post-15589","1":"product","2":"type-product","3":"status-publish","4":"has-post-thumbnail","6":"product_cat-regale","7":"product_cat-verstauen-und-sortieren","8":"pa_brand-juskys","11":"first","12":"instock","13":"shipping-taxable","14":"product-type-external"},"_links":{"self":[{"href":"https:\/\/werkzeuge-aller-art.com\/index.php?rest_route=\/wp\/v2\/product\/15589","targetHints":{"allow":["GET"]}}],"collection":[{"href":"https:\/\/werkzeuge-aller-art.com\/index.php?rest_route=\/wp\/v2\/product"}],"about":[{"href":"https:\/\/werkzeuge-aller-art.com\/index.php?rest_route=\/wp\/v2\/types\/product"}],"replies":[{"embeddable":true,"href":"https:\/\/werkzeuge-aller-art.com\/index.php?rest_route=%2Fwp%2Fv2%2Fcomments&post=15589"}],"wp:featuredmedia":[{"embeddable":true,"href":"https:\/\/werkzeuge-aller-art.com\/index.php?rest_route=\/wp\/v2\/media\/15590"}],"wp:attachment":[{"href":"https:\/\/werkzeuge-aller-art.com\/index.php?rest_route=%2Fwp%2Fv2%2Fmedia&parent=15589"}],"wp:term":[{"taxonomy":"product_cat","embeddable":true,"href":"https:\/\/werkzeuge-aller-art.com\/index.php?rest_route=%2Fwp%2Fv2%2Fproduct_cat&post=15589"},{"taxonomy":"product_tag","embeddable":true,"href":"https:\/\/werkzeuge-aller-art.com\/index.php?rest_route=%2Fwp%2Fv2%2Fproduct_tag&post=15589"}],"curies":[{"name":"wp","href":"https:\/\/api.w.org\/{rel}","templated":true}]}}