{"id":14511,"date":"2020-03-08T00:15:52","date_gmt":"2020-03-07T23:15:52","guid":{"rendered":"https:\/\/werkzeuge-aller-art.com\/?product=ersa-ptc70-temperaturgeregelter-loetkolben-75-w-230-v-0710cd"},"modified":"2023-04-10T06:25:29","modified_gmt":"2023-04-10T04:25:29","slug":"ersa-ptc70-temperaturgeregelter-loetkolben-75-w-230-v-0710cd","status":"publish","type":"product","link":"https:\/\/werkzeuge-aller-art.com\/?product=ersa-ptc70-temperaturgeregelter-loetkolben-75-w-230-v-0710cd","title":{"rendered":"ERSA PTC70 L\u00f6tkolben 75W bis 450\u00b0C temperaturgeregelter L\u00f6tkolben 230V inkl. Ablagest\u00e4nder mit RESISTRONIC\u2026"},"content":{"rendered":"<div id='gallery-1' class='gallery galleryid-14511 gallery-columns-3 gallery-size-full'><dl class='gallery-item'>\r\n\t<dt class='gallery-icon landscape'>\r\n\t<a rel='gallery-nr'><img loading=\"lazy\" decoding=\"async\" width=\"500\" height=\"500\" src=\"https:\/\/images-na.ssl-images-amazon.com\/images\/I\/31vN7Gj6ASL.jpg\" class=\"attachment-full size-full\" alt=\"\" srcset=\"https:\/\/images-na.ssl-images-amazon.com\/images\/I\/31vN7Gj6ASL.jpg 500w, https:\/\/images-na.ssl-images-amazon.com\/images\/I\/31vN7Gj6ASL._SS150_.jpg 150w, https:\/\/images-na.ssl-images-amazon.com\/images\/I\/31vN7Gj6ASL._SS300_.jpg 300w, https:\/\/images-na.ssl-images-amazon.com\/images\/I\/31vN7Gj6ASL._SS768_.jpg 768w, https:\/\/images-na.ssl-images-amazon.com\/images\/I\/31vN7Gj6ASL._SS1024_.jpg 1024w, https:\/\/images-na.ssl-images-amazon.com\/images\/I\/31vN7Gj6ASL._SS1536_.jpg 1536w, https:\/\/images-na.ssl-images-amazon.com\/images\/I\/31vN7Gj6ASL._SS2048_.jpg 2048w, https:\/\/images-na.ssl-images-amazon.com\/images\/I\/31vN7Gj6ASL._SS145_.jpg 145w, https:\/\/images-na.ssl-images-amazon.com\/images\/I\/31vN7Gj6ASL._SS1400_.jpg 1400w, https:\/\/images-na.ssl-images-amazon.com\/images\/I\/31vN7Gj6ASL._SS50_.jpg 50w, https:\/\/images-na.ssl-images-amazon.com\/images\/I\/31vN7Gj6ASL._SS604_.jpg 604w, https:\/\/images-na.ssl-images-amazon.com\/images\/I\/31vN7Gj6ASL._SS262_.jpg 262w, https:\/\/images-na.ssl-images-amazon.com\/images\/I\/31vN7Gj6ASL._SS600_.jpg 600w, https:\/\/images-na.ssl-images-amazon.com\/images\/I\/31vN7Gj6ASL._SS100_.jpg 100w\" sizes=\"auto, (max-width: 500px) 100vw, 500px\" \/><\/a>\r\n\t<\/dt>\r\n\t<dd class='wp-caption-text gallery-caption'>\r\n\t<div class='gallery-caption-inner'> <div class='wp-caption-text gallery-title'>\r\n\tErsa-PTC70-Temperaturgeregelter-Ltkolben-75-W-230-V-0710CD\r\n\t<\/div><div class='wp-caption-text gallery-zoom no-text'>\r\n\t\t<a href=https:\/\/werkzeuge-aller-art.com\/?attachment_id=14512 title='Click to view Full Image' class='icon mustang-gallery'><i class='fa fa-plus'><\/i><\/a>\r\n\t\t<\/div><div class='wp-caption-text gallery-redirect'>\r\n\t\t<a href=https:\/\/werkzeuge-aller-art.com\/?attachment_id=14512 title='Click to view read more' class='icon readmore'><i class='fa fa-link'><\/i><\/a>\r\n\t\t<\/div><\/div><\/dd><\/dl><dl class='gallery-item'>\r\n\t<dt class='gallery-icon landscape'>\r\n\t<a rel='gallery-nr'><img loading=\"lazy\" decoding=\"async\" width=\"500\" height=\"333\" src=\"https:\/\/images-na.ssl-images-amazon.com\/images\/I\/21VOZe%2BrK-L.jpg\" class=\"attachment-full size-full\" alt=\"\" \/><\/a>\r\n\t<\/dt>\r\n\t<dd class='wp-caption-text gallery-caption'>\r\n\t<div class='gallery-caption-inner'> <div class='wp-caption-text gallery-title'>\r\n\tErsa-PTC70-Temperaturgeregelter-Ltkolben-75-W-230-V-0710CD\r\n\t<\/div><div class='wp-caption-text gallery-zoom no-text'>\r\n\t\t<a href=https:\/\/werkzeuge-aller-art.com\/?attachment_id=14513 title='Click to view Full Image' class='icon mustang-gallery'><i class='fa fa-plus'><\/i><\/a>\r\n\t\t<\/div><div class='wp-caption-text gallery-redirect'>\r\n\t\t<a href=https:\/\/werkzeuge-aller-art.com\/?attachment_id=14513 title='Click to view read more' class='icon readmore'><i class='fa fa-link'><\/i><\/a>\r\n\t\t<\/div><\/div><\/dd><\/dl><dl class='gallery-item'>\r\n\t<dt class='gallery-icon portrait'>\r\n\t<a rel='gallery-nr'><img loading=\"lazy\" decoding=\"async\" width=\"375\" height=\"500\" src=\"https:\/\/images-na.ssl-images-amazon.com\/images\/I\/31EKUaHTJIL.jpg\" class=\"attachment-full size-full\" alt=\"\" \/><\/a>\r\n\t<\/dt>\r\n\t<dd class='wp-caption-text gallery-caption'>\r\n\t<div class='gallery-caption-inner'> <div class='wp-caption-text gallery-title'>\r\n\tErsa-PTC70-Temperaturgeregelter-Ltkolben-75-W-230-V-0710CD\r\n\t<\/div><div class='wp-caption-text gallery-zoom no-text'>\r\n\t\t<a href=https:\/\/werkzeuge-aller-art.com\/?attachment_id=14514 title='Click to view Full Image' class='icon mustang-gallery'><i class='fa fa-plus'><\/i><\/a>\r\n\t\t<\/div><div class='wp-caption-text gallery-redirect'>\r\n\t\t<a href=https:\/\/werkzeuge-aller-art.com\/?attachment_id=14514 title='Click to view read more' class='icon readmore'><i class='fa fa-link'><\/i><\/a>\r\n\t\t<\/div><\/div><\/dd><\/dl>\r\n<\/div>\n<br \/>\n<!-- show up to 2 reviews by default -->                                                      <\/p>\n<p>ERSA L\u00f6tkolben PTC70<\/p>\n<p>Power L\u00f6tkolben mit Temperaturregelung <br \/>Leistungsstarker, robuster, temperaturgeregelter L\u00f6tkolben. <br \/>Die bew\u00e4hrte ERSA RESTISTRONIC Temperaturregelung sorgt in Verbindung mit dem keramischen PTC-Heizelement f\u00fcr schnelles Auf- und Nachheizen.<br \/>Mit dem ERSA PTC70 k\u00f6nnen sowohl feinste L\u00f6tarbeiten wie auch Anwendungen mit mittlerem W\u00e4rmebedarf professionell ausgef\u00fchrt werden. F\u00fcr die unterschiedlichen Anwendungen steht die gro\u00dfe Auswahl an ERSADUR-Dauerl\u00f6tspitzen der Serie 832 und 842 zur Verf\u00fcgung. Der ERSA PTC70 ist mit einer 2,2 mm mei\u00dfelf\u00f6rmigen L\u00f6tspitze 0832CDLF und einem Ablagest\u00e4nder 0A18 ausgestattet.                              <\/p>\n<p>Ersa PTC70 temperaturgeregelter L\u00f6tkolben 75 Watt<br \/>\nTemperaturbreich 250 &#8211; 450\u00b0C<br \/>\nAnheizzeit auf 280\u00b0C in 34 s<br \/>\nLieferumfang: L\u00f6tkolben PTC70 (0710CD) mit einer 2,2 mm mei\u00dfelf\u00f6rmigen L\u00f6tspitze (0832CDLLF) und einem Ablagest\u00e4nder (0A18)<br \/>\n<div class=\"main-cross-sell\" data-asin=\"B00505FOF6\">\n\n\t<div class=\"WooZone-cross-sell-loader\">\n\t\t<div>\n\t\t\t<div id=\"floatingBarsG\">\n\t\t\t\t<div class=\"blockG\" id=\"rotateG_01\"><\/div>\n\t\t\t\t<div class=\"blockG\" id=\"rotateG_02\"><\/div>\n\t\t\t\t<div class=\"blockG\" id=\"rotateG_03\"><\/div>\n\t\t\t\t<div class=\"blockG\" id=\"rotateG_04\"><\/div>\n\t\t\t\t<div class=\"blockG\" id=\"rotateG_05\"><\/div>\n\t\t\t\t<div class=\"blockG\" id=\"rotateG_06\"><\/div>\n\t\t\t\t<div class=\"blockG\" id=\"rotateG_07\"><\/div>\n\t\t\t\t<div class=\"blockG\" id=\"rotateG_08\"><\/div>\n\t\t\t<\/div>\n\t\t\t<div class=\"WooZone-cross-sell-loader-text\"><\/div>\n\t\t<\/div>\n\t<\/div>\n\n\t\t\n<\/div>\n<div style=\"clear:both;\"><\/div>\n","protected":false},"excerpt":{"rendered":"<p>Ersa PTC70 temperaturgeregelter L\u00f6tkolben 75 Watt<br \/>\nTemperaturbreich 250 &#8211; 450\u00b0C<br \/>\nAnheizzeit auf 280\u00b0C in 34 s<\/p>\n","protected":false},"featured_media":14512,"comment_status":"open","ping_status":"closed","template":"","meta":[],"product_cat":[122,111],"product_tag":[],"class_list":{"0":"post-14511","1":"product","2":"type-product","3":"status-publish","4":"has-post-thumbnail","6":"product_cat-loetkolben","7":"product_cat-schweissen-und-loeten","8":"pa_brand-ersa","11":"first","12":"instock","13":"shipping-taxable","14":"product-type-external"},"_links":{"self":[{"href":"https:\/\/werkzeuge-aller-art.com\/index.php?rest_route=\/wp\/v2\/product\/14511","targetHints":{"allow":["GET"]}}],"collection":[{"href":"https:\/\/werkzeuge-aller-art.com\/index.php?rest_route=\/wp\/v2\/product"}],"about":[{"href":"https:\/\/werkzeuge-aller-art.com\/index.php?rest_route=\/wp\/v2\/types\/product"}],"replies":[{"embeddable":true,"href":"https:\/\/werkzeuge-aller-art.com\/index.php?rest_route=%2Fwp%2Fv2%2Fcomments&post=14511"}],"wp:featuredmedia":[{"embeddable":true,"href":"https:\/\/werkzeuge-aller-art.com\/index.php?rest_route=\/wp\/v2\/media\/14512"}],"wp:attachment":[{"href":"https:\/\/werkzeuge-aller-art.com\/index.php?rest_route=%2Fwp%2Fv2%2Fmedia&parent=14511"}],"wp:term":[{"taxonomy":"product_cat","embeddable":true,"href":"https:\/\/werkzeuge-aller-art.com\/index.php?rest_route=%2Fwp%2Fv2%2Fproduct_cat&post=14511"},{"taxonomy":"product_tag","embeddable":true,"href":"https:\/\/werkzeuge-aller-art.com\/index.php?rest_route=%2Fwp%2Fv2%2Fproduct_tag&post=14511"}],"curies":[{"name":"wp","href":"https:\/\/api.w.org\/{rel}","templated":true}]}}