{"id":13668,"date":"2020-03-07T22:07:04","date_gmt":"2020-03-07T21:07:04","guid":{"rendered":"https:\/\/werkzeuge-aller-art.com\/?product=einhell-nass-trockensauger-tc-vc-1930-s-1500-w-250-cm-schlauch-o-36-mm-inkl-3-teilige-verlaengerung-kombi-einsatz-teppich-glattboeden-und-fugenduese"},"modified":"2023-04-07T05:54:07","modified_gmt":"2023-04-07T03:54:07","slug":"einhell-nass-trockensauger-tc-vc-1930-s-1500-w-250-cm-schlauch-o-36-mm-inkl-3-teilige-verlaengerung-kombi-einsatz-teppich-glattboeden-und-fugenduese","status":"publish","type":"product","link":"https:\/\/werkzeuge-aller-art.com\/?product=einhell-nass-trockensauger-tc-vc-1930-s-1500-w-250-cm-schlauch-o-36-mm-inkl-3-teilige-verlaengerung-kombi-einsatz-teppich-glattboeden-und-fugenduese","title":{"rendered":"Einhell Nass-Trockensauger TC-VC 1930 S (1.500 Watt, rostfreier Edelstahlbeh\u00e4lter 30 l, Blasanschluss, inkl\u2026"},"content":{"rendered":"\n\t\t<div id='gallery-1' class='gallery galleryid-13668 gallery-columns-3 gallery-size-full'><dl class='gallery-item'>\r\n\t<dt class='gallery-icon landscape'>\r\n\t<a rel='gallery-nr'><img loading=\"lazy\" decoding=\"async\" width=\"500\" height=\"500\" src=\"https:\/\/images-na.ssl-images-amazon.com\/images\/I\/41ko1I1WgOL.jpg\" class=\"attachment-full size-full\" alt=\"\" srcset=\"https:\/\/images-na.ssl-images-amazon.com\/images\/I\/41ko1I1WgOL.jpg 500w, https:\/\/images-na.ssl-images-amazon.com\/images\/I\/41ko1I1WgOL._SS150_.jpg 150w, https:\/\/images-na.ssl-images-amazon.com\/images\/I\/41ko1I1WgOL._SS300_.jpg 300w, https:\/\/images-na.ssl-images-amazon.com\/images\/I\/41ko1I1WgOL._SS768_.jpg 768w, https:\/\/images-na.ssl-images-amazon.com\/images\/I\/41ko1I1WgOL._SS1024_.jpg 1024w, https:\/\/images-na.ssl-images-amazon.com\/images\/I\/41ko1I1WgOL._SS1536_.jpg 1536w, https:\/\/images-na.ssl-images-amazon.com\/images\/I\/41ko1I1WgOL._SS2048_.jpg 2048w, https:\/\/images-na.ssl-images-amazon.com\/images\/I\/41ko1I1WgOL._SS145_.jpg 145w, https:\/\/images-na.ssl-images-amazon.com\/images\/I\/41ko1I1WgOL._SS1400_.jpg 1400w, https:\/\/images-na.ssl-images-amazon.com\/images\/I\/41ko1I1WgOL._SS50_.jpg 50w, https:\/\/images-na.ssl-images-amazon.com\/images\/I\/41ko1I1WgOL._SS604_.jpg 604w, https:\/\/images-na.ssl-images-amazon.com\/images\/I\/41ko1I1WgOL._SS262_.jpg 262w, https:\/\/images-na.ssl-images-amazon.com\/images\/I\/41ko1I1WgOL._SS600_.jpg 600w, https:\/\/images-na.ssl-images-amazon.com\/images\/I\/41ko1I1WgOL._SS100_.jpg 100w\" sizes=\"auto, (max-width: 500px) 100vw, 500px\" \/><\/a>\r\n\t<\/dt>\r\n\t<dd class='wp-caption-text gallery-caption'>\r\n\t<div class='gallery-caption-inner'> <div class='wp-caption-text gallery-title'>\r\n\tEinhell-Nass-Trockensauger-TC-VC-1930-S-1500-W-250-cm-Schlauch&#8211;36-mm-inkl-3-teilige-Verlngerung-Kombi-Einsatz-TeppichGlattbden-und-Fugendse\r\n\t<\/div><div class='wp-caption-text gallery-zoom no-text'>\r\n\t\t<a href=https:\/\/werkzeuge-aller-art.com\/?attachment_id=13669 title='Click to view Full Image' class='icon mustang-gallery'><i class='fa fa-plus'><\/i><\/a>\r\n\t\t<\/div><div class='wp-caption-text gallery-redirect'>\r\n\t\t<a href=https:\/\/werkzeuge-aller-art.com\/?attachment_id=13669 title='Click to view read more' class='icon readmore'><i class='fa fa-link'><\/i><\/a>\r\n\t\t<\/div><\/div><\/dd><\/dl><dl class='gallery-item'>\r\n\t<dt class='gallery-icon landscape'>\r\n\t<a rel='gallery-nr'><img loading=\"lazy\" decoding=\"async\" width=\"500\" height=\"500\" src=\"https:\/\/images-na.ssl-images-amazon.com\/images\/I\/41nFupIrtbL.jpg\" class=\"attachment-full size-full\" alt=\"\" srcset=\"https:\/\/images-na.ssl-images-amazon.com\/images\/I\/41nFupIrtbL.jpg 500w, https:\/\/images-na.ssl-images-amazon.com\/images\/I\/41nFupIrtbL._SS150_.jpg 150w, https:\/\/images-na.ssl-images-amazon.com\/images\/I\/41nFupIrtbL._SS300_.jpg 300w, https:\/\/images-na.ssl-images-amazon.com\/images\/I\/41nFupIrtbL._SS768_.jpg 768w, https:\/\/images-na.ssl-images-amazon.com\/images\/I\/41nFupIrtbL._SS1024_.jpg 1024w, https:\/\/images-na.ssl-images-amazon.com\/images\/I\/41nFupIrtbL._SS1536_.jpg 1536w, https:\/\/images-na.ssl-images-amazon.com\/images\/I\/41nFupIrtbL._SS2048_.jpg 2048w, https:\/\/images-na.ssl-images-amazon.com\/images\/I\/41nFupIrtbL._SS145_.jpg 145w, https:\/\/images-na.ssl-images-amazon.com\/images\/I\/41nFupIrtbL._SS1400_.jpg 1400w, https:\/\/images-na.ssl-images-amazon.com\/images\/I\/41nFupIrtbL._SS50_.jpg 50w, https:\/\/images-na.ssl-images-amazon.com\/images\/I\/41nFupIrtbL._SS604_.jpg 604w, https:\/\/images-na.ssl-images-amazon.com\/images\/I\/41nFupIrtbL._SS262_.jpg 262w, https:\/\/images-na.ssl-images-amazon.com\/images\/I\/41nFupIrtbL._SS600_.jpg 600w, https:\/\/images-na.ssl-images-amazon.com\/images\/I\/41nFupIrtbL._SS100_.jpg 100w\" sizes=\"auto, (max-width: 500px) 100vw, 500px\" \/><\/a>\r\n\t<\/dt>\r\n\t<dd class='wp-caption-text gallery-caption'>\r\n\t<div class='gallery-caption-inner'> <div class='wp-caption-text gallery-title'>\r\n\tEinhell-Nass-Trockensauger-TC-VC-1930-S-1500-W-250-cm-Schlauch&#8211;36-mm-inkl-3-teilige-Verlngerung-Kombi-Einsatz-TeppichGlattbden-und-Fugendse\r\n\t<\/div><div class='wp-caption-text gallery-zoom no-text'>\r\n\t\t<a href=https:\/\/werkzeuge-aller-art.com\/?attachment_id=13670 title='Click to view Full Image' class='icon mustang-gallery'><i class='fa fa-plus'><\/i><\/a>\r\n\t\t<\/div><div class='wp-caption-text gallery-redirect'>\r\n\t\t<a href=https:\/\/werkzeuge-aller-art.com\/?attachment_id=13670 title='Click to view read more' class='icon readmore'><i class='fa fa-link'><\/i><\/a>\r\n\t\t<\/div><\/div><\/dd><\/dl><dl class='gallery-item'>\r\n\t<dt class='gallery-icon landscape'>\r\n\t<a rel='gallery-nr'><img loading=\"lazy\" decoding=\"async\" width=\"500\" height=\"500\" src=\"https:\/\/images-na.ssl-images-amazon.com\/images\/I\/41R3Xm%2BI9kL.jpg\" class=\"attachment-full size-full\" alt=\"\" srcset=\"https:\/\/images-na.ssl-images-amazon.com\/images\/I\/41R3Xm%2BI9kL.jpg 500w, https:\/\/images-na.ssl-images-amazon.com\/images\/I\/41R3Xm%2BI9kL._SS150_.jpg 150w, https:\/\/images-na.ssl-images-amazon.com\/images\/I\/41R3Xm%2BI9kL._SS300_.jpg 300w, https:\/\/images-na.ssl-images-amazon.com\/images\/I\/41R3Xm%2BI9kL._SS768_.jpg 768w, https:\/\/images-na.ssl-images-amazon.com\/images\/I\/41R3Xm%2BI9kL._SS1024_.jpg 1024w, https:\/\/images-na.ssl-images-amazon.com\/images\/I\/41R3Xm%2BI9kL._SS1536_.jpg 1536w, https:\/\/images-na.ssl-images-amazon.com\/images\/I\/41R3Xm%2BI9kL._SS2048_.jpg 2048w, https:\/\/images-na.ssl-images-amazon.com\/images\/I\/41R3Xm%2BI9kL._SS145_.jpg 145w, https:\/\/images-na.ssl-images-amazon.com\/images\/I\/41R3Xm%2BI9kL._SS1400_.jpg 1400w, https:\/\/images-na.ssl-images-amazon.com\/images\/I\/41R3Xm%2BI9kL._SS50_.jpg 50w, https:\/\/images-na.ssl-images-amazon.com\/images\/I\/41R3Xm%2BI9kL._SS604_.jpg 604w, https:\/\/images-na.ssl-images-amazon.com\/images\/I\/41R3Xm%2BI9kL._SS262_.jpg 262w, https:\/\/images-na.ssl-images-amazon.com\/images\/I\/41R3Xm%2BI9kL._SS600_.jpg 600w, https:\/\/images-na.ssl-images-amazon.com\/images\/I\/41R3Xm%2BI9kL._SS100_.jpg 100w\" sizes=\"auto, (max-width: 500px) 100vw, 500px\" \/><\/a>\r\n\t<\/dt>\r\n\t<dd class='wp-caption-text gallery-caption'>\r\n\t<div class='gallery-caption-inner'> <div class='wp-caption-text gallery-title'>\r\n\tEinhell-Nass-Trockensauger-TC-VC-1930-S-1500-W-250-cm-Schlauch&#8211;36-mm-inkl-3-teilige-Verlngerung-Kombi-Einsatz-TeppichGlattbden-und-Fugendse\r\n\t<\/div><div class='wp-caption-text gallery-zoom no-text'>\r\n\t\t<a href=https:\/\/werkzeuge-aller-art.com\/?attachment_id=13671 title='Click to view Full Image' class='icon mustang-gallery'><i class='fa fa-plus'><\/i><\/a>\r\n\t\t<\/div><div class='wp-caption-text gallery-redirect'>\r\n\t\t<a href=https:\/\/werkzeuge-aller-art.com\/?attachment_id=13671 title='Click to view read more' class='icon readmore'><i class='fa fa-link'><\/i><\/a>\r\n\t\t<\/div><\/div><\/dd><\/dl>\r\n<\/div>\n\n<div class=\"disclaim\"> Stil:<strong>Nass-Trockensauger<\/strong> <\/div>\n<p> <!-- show up to 2 reviews by default --> <\/p>\n<p>Der Nass-Trockensauger TC-VC 1930 S ist ein unentbehrliches Hilfsmittel f\u00fcr den ambitionierten Heimwerker, das bei Reinigungsaufgaben in Haus, Werkstatt und KFZ gute Dienste leistet. Sein Edelstahlbeh\u00e4lter bietet 30 Liter Fassungsverm\u00f6gen f\u00fcr Schmutz und Fl\u00fcssigkeiten, die sich per Wasserablassschraube schnell und bequem entsorgen lassen. Ein praktischer Blasanschluss ist ebenfalls vorhanden. <\/p>\n<p>Umfangreiches Zubeh\u00f6r &#8211; Schaumstofffilter zum Nasssaugen, Faltenfilter zum Staubsaugen, Kombid\u00fcse f\u00fcr Teppich\u2013 und Glattb\u00f6den, Fugend\u00fcse f\u00fcr schwer zug\u00e4ngliche Engstellen<br \/>\nRobuster, Rostfreier 30 Liter Edelstahlbeh\u00e4lter &#8211; Der 30 Liter fassende rostfreie Edelstahlbeh\u00e4lter bietet genug Raum f\u00fcr gro\u00dfe Mengen an Staub, Schmutz oder Fl\u00fcssigkeiten<br \/>\nPraktische Kabelhalterung &#8211; Das 2,5 Meter lange Netzkabel kann an der praktischen Halterung aufgewickelt und ordentlich verstaut werden<br \/>\nIntegrierter Blasanschluss &#8211; Manche Engstellen sind auch mit der Fugend\u00fcse unerreichbar. Hier schafft die integrierte Ausblasfunktion des TC-VC 1930 S Abhilfe<br \/>\nInklusive Wasserablassschraube &#8211; Dank der im Beh\u00e4lter integrierten Wasserablassschraube lassen sich auch gr\u00f6\u00dfere Wassermengen bequem entleeren<br \/>\nRollen und Tragegriff &#8211; Der Sauger ist mit vier Rollen ausgestattet, die in Kombination mit dem im Motorkopf integrierten Tragegriff einen bequemen Transport erm\u00f6glichen<br \/>\nTechnische Spezifikationen \u2013 Aufnahmeleistung: 1250 W, max. Saugleistung: 190 mbar, Durchmesser Saugschlauch: 36 mm, Lautst\u00e4rke\/Schalldruckpegel: 78 dB (A), Beh\u00e4ltervolumen: 30 Liter<br \/>\n<div class=\"main-cross-sell\" data-asin=\"B01N7G1CH7\">\n\n\t<div class=\"WooZone-cross-sell-loader\">\n\t\t<div>\n\t\t\t<div id=\"floatingBarsG\">\n\t\t\t\t<div class=\"blockG\" id=\"rotateG_01\"><\/div>\n\t\t\t\t<div class=\"blockG\" id=\"rotateG_02\"><\/div>\n\t\t\t\t<div class=\"blockG\" id=\"rotateG_03\"><\/div>\n\t\t\t\t<div class=\"blockG\" id=\"rotateG_04\"><\/div>\n\t\t\t\t<div class=\"blockG\" id=\"rotateG_05\"><\/div>\n\t\t\t\t<div class=\"blockG\" id=\"rotateG_06\"><\/div>\n\t\t\t\t<div class=\"blockG\" id=\"rotateG_07\"><\/div>\n\t\t\t\t<div class=\"blockG\" id=\"rotateG_08\"><\/div>\n\t\t\t<\/div>\n\t\t\t<div class=\"WooZone-cross-sell-loader-text\"><\/div>\n\t\t<\/div>\n\t<\/div>\n\n\t\t\n<\/div>\n<div style=\"clear:both;\"><\/div>\n","protected":false},"excerpt":{"rendered":"<p>Umfangreiches Zubeh\u00f6r &#8211; Schaumstofffilter zum Nasssaugen, Faltenfilter zum Staubsaugen, Kombid\u00fcse f\u00fcr Teppich\u2013 und Glattb\u00f6den, Fugend\u00fcse f\u00fcr schwer zug\u00e4ngliche Engstellen<br \/>\nRobuster, Rostfreier 30 Liter Edelstahlbeh\u00e4lter &#8211; Der 30 Liter fassende rostfreie Edelstahlbeh\u00e4lter bietet genug Raum f\u00fcr gro\u00dfe Mengen an Staub, Schmutz oder Fl\u00fcssigkeiten<br \/>\nPraktische Kabelhalterung &#8211; Das 2,5 Meter lange Netzkabel kann an der praktischen Halterung aufgewickelt und ordentlich verstaut werden<\/p>\n","protected":false},"featured_media":13669,"comment_status":"open","ping_status":"closed","template":"","meta":[],"product_cat":[110,117],"product_tag":[],"class_list":{"0":"post-13668","1":"product","2":"type-product","3":"status-publish","4":"has-post-thumbnail","6":"product_cat-reinigen-und-sandstrahlen","7":"product_cat-staubsauger","8":"pa_brand-einhell","11":"first","12":"instock","13":"shipping-taxable","14":"product-type-external"},"_links":{"self":[{"href":"https:\/\/werkzeuge-aller-art.com\/index.php?rest_route=\/wp\/v2\/product\/13668","targetHints":{"allow":["GET"]}}],"collection":[{"href":"https:\/\/werkzeuge-aller-art.com\/index.php?rest_route=\/wp\/v2\/product"}],"about":[{"href":"https:\/\/werkzeuge-aller-art.com\/index.php?rest_route=\/wp\/v2\/types\/product"}],"replies":[{"embeddable":true,"href":"https:\/\/werkzeuge-aller-art.com\/index.php?rest_route=%2Fwp%2Fv2%2Fcomments&post=13668"}],"wp:featuredmedia":[{"embeddable":true,"href":"https:\/\/werkzeuge-aller-art.com\/index.php?rest_route=\/wp\/v2\/media\/13669"}],"wp:attachment":[{"href":"https:\/\/werkzeuge-aller-art.com\/index.php?rest_route=%2Fwp%2Fv2%2Fmedia&parent=13668"}],"wp:term":[{"taxonomy":"product_cat","embeddable":true,"href":"https:\/\/werkzeuge-aller-art.com\/index.php?rest_route=%2Fwp%2Fv2%2Fproduct_cat&post=13668"},{"taxonomy":"product_tag","embeddable":true,"href":"https:\/\/werkzeuge-aller-art.com\/index.php?rest_route=%2Fwp%2Fv2%2Fproduct_tag&post=13668"}],"curies":[{"name":"wp","href":"https:\/\/api.w.org\/{rel}","templated":true}]}}