{"id":13510,"date":"2020-03-07T21:41:41","date_gmt":"2020-03-07T20:41:41","guid":{"rendered":"https:\/\/werkzeuge-aller-art.com\/?product=10m-m22x15-hochdruckschlauch-verlaengerungsschlauch-fuer-kaercher-hochdruckreiniger"},"modified":"2024-05-02T08:05:16","modified_gmt":"2024-05-02T06:05:16","slug":"10m-m22x15-hochdruckschlauch-verlaengerungsschlauch-fuer-kaercher-hochdruckreiniger","status":"publish","type":"product","link":"https:\/\/werkzeuge-aller-art.com\/?product=10m-m22x15-hochdruckschlauch-verlaengerungsschlauch-fuer-kaercher-hochdruckreiniger","title":{"rendered":"TECHKAR Hochdruckreiniger Schlauchverl\u00e4ngerung \u2013 K\u00e4rcher Verl\u00e4ngerungsschlauch Ersatz \u2013 200bar kompatibel mit K\u00e4rcher\u2026"},"content":{"rendered":"<div id='gallery-1' class='gallery galleryid-13510 gallery-columns-3 gallery-size-full'><dl class='gallery-item'>\r\n\t<dt class='gallery-icon landscape'>\r\n\t<a rel='gallery-nr'><img loading=\"lazy\" decoding=\"async\" width=\"500\" height=\"500\" src=\"https:\/\/images-na.ssl-images-amazon.com\/images\/I\/41leEZMtNcL.jpg\" class=\"attachment-full size-full\" alt=\"\" srcset=\"https:\/\/images-na.ssl-images-amazon.com\/images\/I\/41leEZMtNcL.jpg 500w, https:\/\/images-na.ssl-images-amazon.com\/images\/I\/41leEZMtNcL._SS150_.jpg 150w, https:\/\/images-na.ssl-images-amazon.com\/images\/I\/41leEZMtNcL._SS300_.jpg 300w, https:\/\/images-na.ssl-images-amazon.com\/images\/I\/41leEZMtNcL._SS768_.jpg 768w, https:\/\/images-na.ssl-images-amazon.com\/images\/I\/41leEZMtNcL._SS1024_.jpg 1024w, https:\/\/images-na.ssl-images-amazon.com\/images\/I\/41leEZMtNcL._SS1536_.jpg 1536w, https:\/\/images-na.ssl-images-amazon.com\/images\/I\/41leEZMtNcL._SS2048_.jpg 2048w, https:\/\/images-na.ssl-images-amazon.com\/images\/I\/41leEZMtNcL._SS145_.jpg 145w, https:\/\/images-na.ssl-images-amazon.com\/images\/I\/41leEZMtNcL._SS1400_.jpg 1400w, https:\/\/images-na.ssl-images-amazon.com\/images\/I\/41leEZMtNcL._SS50_.jpg 50w, https:\/\/images-na.ssl-images-amazon.com\/images\/I\/41leEZMtNcL._SS604_.jpg 604w, https:\/\/images-na.ssl-images-amazon.com\/images\/I\/41leEZMtNcL._SS262_.jpg 262w, https:\/\/images-na.ssl-images-amazon.com\/images\/I\/41leEZMtNcL._SS600_.jpg 600w, https:\/\/images-na.ssl-images-amazon.com\/images\/I\/41leEZMtNcL._SS100_.jpg 100w\" sizes=\"auto, (max-width: 500px) 100vw, 500px\" \/><\/a>\r\n\t<\/dt>\r\n\t<dd class='wp-caption-text gallery-caption'>\r\n\t<div class='gallery-caption-inner'> <div class='wp-caption-text gallery-title'>\r\n\t10m-M22x15-Hochdruckschlauch-Verlngerungsschlauch-fr-Krcher-Hochdruckreiniger\r\n\t<\/div><div class='wp-caption-text gallery-zoom no-text'>\r\n\t\t<a href=https:\/\/werkzeuge-aller-art.com\/?attachment_id=13511 title='Click to view Full Image' class='icon mustang-gallery'><i class='fa fa-plus'><\/i><\/a>\r\n\t\t<\/div><div class='wp-caption-text gallery-redirect'>\r\n\t\t<a href=https:\/\/werkzeuge-aller-art.com\/?attachment_id=13511 title='Click to view read more' class='icon readmore'><i class='fa fa-link'><\/i><\/a>\r\n\t\t<\/div><\/div><\/dd><\/dl><dl class='gallery-item'>\r\n\t<dt class='gallery-icon landscape'>\r\n\t<a rel='gallery-nr'><img loading=\"lazy\" decoding=\"async\" width=\"500\" height=\"500\" src=\"https:\/\/images-na.ssl-images-amazon.com\/images\/I\/41eOVG8Qa9L.jpg\" class=\"attachment-full size-full\" alt=\"\" srcset=\"https:\/\/images-na.ssl-images-amazon.com\/images\/I\/41eOVG8Qa9L.jpg 500w, https:\/\/images-na.ssl-images-amazon.com\/images\/I\/41eOVG8Qa9L._SS150_.jpg 150w, https:\/\/images-na.ssl-images-amazon.com\/images\/I\/41eOVG8Qa9L._SS300_.jpg 300w, https:\/\/images-na.ssl-images-amazon.com\/images\/I\/41eOVG8Qa9L._SS768_.jpg 768w, https:\/\/images-na.ssl-images-amazon.com\/images\/I\/41eOVG8Qa9L._SS1024_.jpg 1024w, https:\/\/images-na.ssl-images-amazon.com\/images\/I\/41eOVG8Qa9L._SS1536_.jpg 1536w, https:\/\/images-na.ssl-images-amazon.com\/images\/I\/41eOVG8Qa9L._SS2048_.jpg 2048w, https:\/\/images-na.ssl-images-amazon.com\/images\/I\/41eOVG8Qa9L._SS145_.jpg 145w, https:\/\/images-na.ssl-images-amazon.com\/images\/I\/41eOVG8Qa9L._SS1400_.jpg 1400w, https:\/\/images-na.ssl-images-amazon.com\/images\/I\/41eOVG8Qa9L._SS50_.jpg 50w, https:\/\/images-na.ssl-images-amazon.com\/images\/I\/41eOVG8Qa9L._SS604_.jpg 604w, https:\/\/images-na.ssl-images-amazon.com\/images\/I\/41eOVG8Qa9L._SS262_.jpg 262w, https:\/\/images-na.ssl-images-amazon.com\/images\/I\/41eOVG8Qa9L._SS600_.jpg 600w, https:\/\/images-na.ssl-images-amazon.com\/images\/I\/41eOVG8Qa9L._SS100_.jpg 100w\" sizes=\"auto, (max-width: 500px) 100vw, 500px\" \/><\/a>\r\n\t<\/dt>\r\n\t<dd class='wp-caption-text gallery-caption'>\r\n\t<div class='gallery-caption-inner'> <div class='wp-caption-text gallery-title'>\r\n\t10m-M22x15-Hochdruckschlauch-Verlngerungsschlauch-fr-Krcher-Hochdruckreiniger\r\n\t<\/div><div class='wp-caption-text gallery-zoom no-text'>\r\n\t\t<a href=https:\/\/werkzeuge-aller-art.com\/?attachment_id=13512 title='Click to view Full Image' class='icon mustang-gallery'><i class='fa fa-plus'><\/i><\/a>\r\n\t\t<\/div><div class='wp-caption-text gallery-redirect'>\r\n\t\t<a href=https:\/\/werkzeuge-aller-art.com\/?attachment_id=13512 title='Click to view read more' class='icon readmore'><i class='fa fa-link'><\/i><\/a>\r\n\t\t<\/div><\/div><\/dd><\/dl><dl class='gallery-item'>\r\n\t<dt class='gallery-icon landscape'>\r\n\t<a rel='gallery-nr'><img loading=\"lazy\" decoding=\"async\" width=\"500\" height=\"500\" src=\"https:\/\/images-na.ssl-images-amazon.com\/images\/I\/41hleK-o1SL.jpg\" class=\"attachment-full size-full\" alt=\"\" srcset=\"https:\/\/images-na.ssl-images-amazon.com\/images\/I\/41hleK-o1SL.jpg 500w, https:\/\/images-na.ssl-images-amazon.com\/images\/I\/41hleK-o1SL._SS150_.jpg 150w, https:\/\/images-na.ssl-images-amazon.com\/images\/I\/41hleK-o1SL._SS300_.jpg 300w, https:\/\/images-na.ssl-images-amazon.com\/images\/I\/41hleK-o1SL._SS768_.jpg 768w, https:\/\/images-na.ssl-images-amazon.com\/images\/I\/41hleK-o1SL._SS1024_.jpg 1024w, https:\/\/images-na.ssl-images-amazon.com\/images\/I\/41hleK-o1SL._SS1536_.jpg 1536w, https:\/\/images-na.ssl-images-amazon.com\/images\/I\/41hleK-o1SL._SS2048_.jpg 2048w, https:\/\/images-na.ssl-images-amazon.com\/images\/I\/41hleK-o1SL._SS145_.jpg 145w, https:\/\/images-na.ssl-images-amazon.com\/images\/I\/41hleK-o1SL._SS1400_.jpg 1400w, https:\/\/images-na.ssl-images-amazon.com\/images\/I\/41hleK-o1SL._SS50_.jpg 50w, https:\/\/images-na.ssl-images-amazon.com\/images\/I\/41hleK-o1SL._SS604_.jpg 604w, https:\/\/images-na.ssl-images-amazon.com\/images\/I\/41hleK-o1SL._SS262_.jpg 262w, https:\/\/images-na.ssl-images-amazon.com\/images\/I\/41hleK-o1SL._SS600_.jpg 600w, https:\/\/images-na.ssl-images-amazon.com\/images\/I\/41hleK-o1SL._SS100_.jpg 100w\" sizes=\"auto, (max-width: 500px) 100vw, 500px\" \/><\/a>\r\n\t<\/dt>\r\n\t<dd class='wp-caption-text gallery-caption'>\r\n\t<div class='gallery-caption-inner'> <div class='wp-caption-text gallery-title'>\r\n\t10m-M22x15-Hochdruckschlauch-Verlngerungsschlauch-fr-Krcher-Hochdruckreiniger\r\n\t<\/div><div class='wp-caption-text gallery-zoom no-text'>\r\n\t\t<a href=https:\/\/werkzeuge-aller-art.com\/?attachment_id=13513 title='Click to view Full Image' class='icon mustang-gallery'><i class='fa fa-plus'><\/i><\/a>\r\n\t\t<\/div><div class='wp-caption-text gallery-redirect'>\r\n\t\t<a href=https:\/\/werkzeuge-aller-art.com\/?attachment_id=13513 title='Click to view read more' class='icon readmore'><i class='fa fa-link'><\/i><\/a>\r\n\t\t<\/div><\/div><\/dd><\/dl>\r\n<\/div>\n<br \/>\n<!-- show up to 2 reviews by default --> <\/p>\n<p>Hochwertige schlauch f\u00fcr Hochdruckreiniger. Anschluss: beidseitig \u00dcberwurfmutter M22x1,5 passt z.B. direkt an viele Reiniger der Marken K\u00e4rcher, Kr\u00e4nzle, TopCraft, KingCraft, usw. und an das Au\u00dfengewinde der K\u00e4rcher Profi-Pistolen. Passt nicht zu EASY! LOCK System! L\u00e4nge 10m <\/p>\n<p>Innendurchmesser: 6mm<br \/>\nL\u00e4nge 10m<br \/>\nTemperatur max : 60\u00b0C<br \/>\nBeidseitige Anschl\u00fcsse M22x1,5 \u00dcberwurfmutter (Nippel 14mm)<br \/>\n<div class=\"main-cross-sell\" data-asin=\"B077SN8G8W\">\n\n\t<div class=\"WooZone-cross-sell-loader\">\n\t\t<div>\n\t\t\t<div id=\"floatingBarsG\">\n\t\t\t\t<div class=\"blockG\" id=\"rotateG_01\"><\/div>\n\t\t\t\t<div class=\"blockG\" id=\"rotateG_02\"><\/div>\n\t\t\t\t<div class=\"blockG\" id=\"rotateG_03\"><\/div>\n\t\t\t\t<div class=\"blockG\" id=\"rotateG_04\"><\/div>\n\t\t\t\t<div class=\"blockG\" id=\"rotateG_05\"><\/div>\n\t\t\t\t<div class=\"blockG\" id=\"rotateG_06\"><\/div>\n\t\t\t\t<div class=\"blockG\" id=\"rotateG_07\"><\/div>\n\t\t\t\t<div class=\"blockG\" id=\"rotateG_08\"><\/div>\n\t\t\t<\/div>\n\t\t\t<div class=\"WooZone-cross-sell-loader-text\"><\/div>\n\t\t<\/div>\n\t<\/div>\n\n\t\t\n<\/div>\n<div style=\"clear:both;\"><\/div>\n","protected":false},"excerpt":{"rendered":"<p>Innendurchmesser: 6mm<br \/>\nL\u00e4nge 10m<br \/>\nTemperatur max : 60\u00b0C<\/p>\n","protected":false},"featured_media":13511,"comment_status":"open","ping_status":"closed","template":"","meta":[],"product_cat":[15],"product_tag":[],"class_list":{"0":"post-13510","1":"product","2":"type-product","3":"status-publish","4":"has-post-thumbnail","6":"product_cat-unkategorisiert","7":"pa_brand-markenlos","10":"first","11":"instock","12":"shipping-taxable","13":"product-type-external"},"_links":{"self":[{"href":"https:\/\/werkzeuge-aller-art.com\/index.php?rest_route=\/wp\/v2\/product\/13510","targetHints":{"allow":["GET"]}}],"collection":[{"href":"https:\/\/werkzeuge-aller-art.com\/index.php?rest_route=\/wp\/v2\/product"}],"about":[{"href":"https:\/\/werkzeuge-aller-art.com\/index.php?rest_route=\/wp\/v2\/types\/product"}],"replies":[{"embeddable":true,"href":"https:\/\/werkzeuge-aller-art.com\/index.php?rest_route=%2Fwp%2Fv2%2Fcomments&post=13510"}],"wp:featuredmedia":[{"embeddable":true,"href":"https:\/\/werkzeuge-aller-art.com\/index.php?rest_route=\/wp\/v2\/media\/13511"}],"wp:attachment":[{"href":"https:\/\/werkzeuge-aller-art.com\/index.php?rest_route=%2Fwp%2Fv2%2Fmedia&parent=13510"}],"wp:term":[{"taxonomy":"product_cat","embeddable":true,"href":"https:\/\/werkzeuge-aller-art.com\/index.php?rest_route=%2Fwp%2Fv2%2Fproduct_cat&post=13510"},{"taxonomy":"product_tag","embeddable":true,"href":"https:\/\/werkzeuge-aller-art.com\/index.php?rest_route=%2Fwp%2Fv2%2Fproduct_tag&post=13510"}],"curies":[{"name":"wp","href":"https:\/\/api.w.org\/{rel}","templated":true}]}}