{"id":13396,"date":"2020-03-07T21:36:12","date_gmt":"2020-03-07T20:36:12","guid":{"rendered":"https:\/\/werkzeuge-aller-art.com\/?product=nilfisk-c-110-bar-hochdruckreiniger-mit-transportwagen"},"modified":"2023-04-10T06:16:23","modified_gmt":"2023-04-10T04:16:23","slug":"nilfisk-c-110-bar-hochdruckreiniger-mit-transportwagen","status":"publish","type":"product","link":"https:\/\/werkzeuge-aller-art.com\/?product=nilfisk-c-110-bar-hochdruckreiniger-mit-transportwagen","title":{"rendered":"Nilfisk C 110 bar 110.7-5 X-TRA Kompakter Hochdruckreiniger f\u00fcr leichte, allgemeine Reinigungsaufgaben \u2013 f\u00fcr den\u2026"},"content":{"rendered":"<div id='gallery-1' class='gallery galleryid-13396 gallery-columns-3 gallery-size-full'><dl class='gallery-item'>\r\n\t<dt class='gallery-icon landscape'>\r\n\t<a rel='gallery-nr'><img loading=\"lazy\" decoding=\"async\" width=\"500\" height=\"500\" src=\"https:\/\/images-na.ssl-images-amazon.com\/images\/I\/31-HQMwvJ-L.jpg\" class=\"attachment-full size-full\" alt=\"\" srcset=\"https:\/\/images-na.ssl-images-amazon.com\/images\/I\/31-HQMwvJ-L.jpg 500w, https:\/\/images-na.ssl-images-amazon.com\/images\/I\/31-HQMwvJ-L._SS150_.jpg 150w, https:\/\/images-na.ssl-images-amazon.com\/images\/I\/31-HQMwvJ-L._SS300_.jpg 300w, https:\/\/images-na.ssl-images-amazon.com\/images\/I\/31-HQMwvJ-L._SS768_.jpg 768w, https:\/\/images-na.ssl-images-amazon.com\/images\/I\/31-HQMwvJ-L._SS1024_.jpg 1024w, https:\/\/images-na.ssl-images-amazon.com\/images\/I\/31-HQMwvJ-L._SS1536_.jpg 1536w, https:\/\/images-na.ssl-images-amazon.com\/images\/I\/31-HQMwvJ-L._SS2048_.jpg 2048w, https:\/\/images-na.ssl-images-amazon.com\/images\/I\/31-HQMwvJ-L._SS145_.jpg 145w, https:\/\/images-na.ssl-images-amazon.com\/images\/I\/31-HQMwvJ-L._SS1400_.jpg 1400w, https:\/\/images-na.ssl-images-amazon.com\/images\/I\/31-HQMwvJ-L._SS50_.jpg 50w, https:\/\/images-na.ssl-images-amazon.com\/images\/I\/31-HQMwvJ-L._SS604_.jpg 604w, https:\/\/images-na.ssl-images-amazon.com\/images\/I\/31-HQMwvJ-L._SS262_.jpg 262w, https:\/\/images-na.ssl-images-amazon.com\/images\/I\/31-HQMwvJ-L._SS600_.jpg 600w, https:\/\/images-na.ssl-images-amazon.com\/images\/I\/31-HQMwvJ-L._SS100_.jpg 100w\" sizes=\"auto, (max-width: 500px) 100vw, 500px\" \/><\/a>\r\n\t<\/dt>\r\n\t<dd class='wp-caption-text gallery-caption'>\r\n\t<div class='gallery-caption-inner'> <div class='wp-caption-text gallery-title'>\r\n\tNilfisk-C-110-bar-Hochdruckreiniger-mit-Transportwagen\r\n\t<\/div><div class='wp-caption-text gallery-zoom no-text'>\r\n\t\t<a href=https:\/\/werkzeuge-aller-art.com\/?attachment_id=13397 title='Click to view Full Image' class='icon mustang-gallery'><i class='fa fa-plus'><\/i><\/a>\r\n\t\t<\/div><div class='wp-caption-text gallery-redirect'>\r\n\t\t<a href=https:\/\/werkzeuge-aller-art.com\/?attachment_id=13397 title='Click to view read more' class='icon readmore'><i class='fa fa-link'><\/i><\/a>\r\n\t\t<\/div><\/div><\/dd><\/dl><dl class='gallery-item'>\r\n\t<dt class='gallery-icon landscape'>\r\n\t<a rel='gallery-nr'><img loading=\"lazy\" decoding=\"async\" width=\"500\" height=\"500\" src=\"https:\/\/images-na.ssl-images-amazon.com\/images\/I\/41xCmY1UfeL.jpg\" class=\"attachment-full size-full\" alt=\"\" srcset=\"https:\/\/images-na.ssl-images-amazon.com\/images\/I\/41xCmY1UfeL.jpg 500w, https:\/\/images-na.ssl-images-amazon.com\/images\/I\/41xCmY1UfeL._SS150_.jpg 150w, https:\/\/images-na.ssl-images-amazon.com\/images\/I\/41xCmY1UfeL._SS300_.jpg 300w, https:\/\/images-na.ssl-images-amazon.com\/images\/I\/41xCmY1UfeL._SS768_.jpg 768w, https:\/\/images-na.ssl-images-amazon.com\/images\/I\/41xCmY1UfeL._SS1024_.jpg 1024w, https:\/\/images-na.ssl-images-amazon.com\/images\/I\/41xCmY1UfeL._SS1536_.jpg 1536w, https:\/\/images-na.ssl-images-amazon.com\/images\/I\/41xCmY1UfeL._SS2048_.jpg 2048w, https:\/\/images-na.ssl-images-amazon.com\/images\/I\/41xCmY1UfeL._SS145_.jpg 145w, https:\/\/images-na.ssl-images-amazon.com\/images\/I\/41xCmY1UfeL._SS1400_.jpg 1400w, https:\/\/images-na.ssl-images-amazon.com\/images\/I\/41xCmY1UfeL._SS50_.jpg 50w, https:\/\/images-na.ssl-images-amazon.com\/images\/I\/41xCmY1UfeL._SS604_.jpg 604w, https:\/\/images-na.ssl-images-amazon.com\/images\/I\/41xCmY1UfeL._SS262_.jpg 262w, https:\/\/images-na.ssl-images-amazon.com\/images\/I\/41xCmY1UfeL._SS600_.jpg 600w, https:\/\/images-na.ssl-images-amazon.com\/images\/I\/41xCmY1UfeL._SS100_.jpg 100w\" sizes=\"auto, (max-width: 500px) 100vw, 500px\" \/><\/a>\r\n\t<\/dt>\r\n\t<dd class='wp-caption-text gallery-caption'>\r\n\t<div class='gallery-caption-inner'> <div class='wp-caption-text gallery-title'>\r\n\tNilfisk-C-110-bar-Hochdruckreiniger-mit-Transportwagen\r\n\t<\/div><div class='wp-caption-text gallery-zoom no-text'>\r\n\t\t<a href=https:\/\/werkzeuge-aller-art.com\/?attachment_id=13398 title='Click to view Full Image' class='icon mustang-gallery'><i class='fa fa-plus'><\/i><\/a>\r\n\t\t<\/div><div class='wp-caption-text gallery-redirect'>\r\n\t\t<a href=https:\/\/werkzeuge-aller-art.com\/?attachment_id=13398 title='Click to view read more' class='icon readmore'><i class='fa fa-link'><\/i><\/a>\r\n\t\t<\/div><\/div><\/dd><\/dl><dl class='gallery-item'>\r\n\t<dt class='gallery-icon landscape'>\r\n\t<a rel='gallery-nr'><img loading=\"lazy\" decoding=\"async\" width=\"500\" height=\"500\" src=\"https:\/\/images-na.ssl-images-amazon.com\/images\/I\/31%2Be3c9YrlL.jpg\" class=\"attachment-full size-full\" alt=\"\" srcset=\"https:\/\/images-na.ssl-images-amazon.com\/images\/I\/31%2Be3c9YrlL.jpg 500w, https:\/\/images-na.ssl-images-amazon.com\/images\/I\/31%2Be3c9YrlL._SS150_.jpg 150w, https:\/\/images-na.ssl-images-amazon.com\/images\/I\/31%2Be3c9YrlL._SS300_.jpg 300w, https:\/\/images-na.ssl-images-amazon.com\/images\/I\/31%2Be3c9YrlL._SS768_.jpg 768w, https:\/\/images-na.ssl-images-amazon.com\/images\/I\/31%2Be3c9YrlL._SS1024_.jpg 1024w, https:\/\/images-na.ssl-images-amazon.com\/images\/I\/31%2Be3c9YrlL._SS1536_.jpg 1536w, https:\/\/images-na.ssl-images-amazon.com\/images\/I\/31%2Be3c9YrlL._SS2048_.jpg 2048w, https:\/\/images-na.ssl-images-amazon.com\/images\/I\/31%2Be3c9YrlL._SS145_.jpg 145w, https:\/\/images-na.ssl-images-amazon.com\/images\/I\/31%2Be3c9YrlL._SS1400_.jpg 1400w, https:\/\/images-na.ssl-images-amazon.com\/images\/I\/31%2Be3c9YrlL._SS50_.jpg 50w, https:\/\/images-na.ssl-images-amazon.com\/images\/I\/31%2Be3c9YrlL._SS604_.jpg 604w, https:\/\/images-na.ssl-images-amazon.com\/images\/I\/31%2Be3c9YrlL._SS262_.jpg 262w, https:\/\/images-na.ssl-images-amazon.com\/images\/I\/31%2Be3c9YrlL._SS600_.jpg 600w, https:\/\/images-na.ssl-images-amazon.com\/images\/I\/31%2Be3c9YrlL._SS100_.jpg 100w\" sizes=\"auto, (max-width: 500px) 100vw, 500px\" \/><\/a>\r\n\t<\/dt>\r\n\t<dd class='wp-caption-text gallery-caption'>\r\n\t<div class='gallery-caption-inner'> <div class='wp-caption-text gallery-title'>\r\n\tNilfisk-C-110-bar-Hochdruckreiniger-mit-Transportwagen\r\n\t<\/div><div class='wp-caption-text gallery-zoom no-text'>\r\n\t\t<a href=https:\/\/werkzeuge-aller-art.com\/?attachment_id=13399 title='Click to view Full Image' class='icon mustang-gallery'><i class='fa fa-plus'><\/i><\/a>\r\n\t\t<\/div><div class='wp-caption-text gallery-redirect'>\r\n\t\t<a href=https:\/\/werkzeuge-aller-art.com\/?attachment_id=13399 title='Click to view read more' class='icon readmore'><i class='fa fa-link'><\/i><\/a>\r\n\t\t<\/div><\/div><\/dd><\/dl>\r\n<\/div>\n<br \/>\n<!-- show up to 2 reviews by default --> <\/p>\n<p>Nilfisk C110.7-5 ist ein \u00e4u\u00dferst mobiler Hochdruckreiniger f\u00fcr gelegentliche Reinigungsarbeiten. Dank des handlichen Transportwagens, des kompakten Designs und der geringen Gr\u00f6\u00dfe l\u00e4sst er sich nach Gebrauch leicht verstauen. Der mit einem 5 m langen, flexiblen Schlauch ausgestattete Hochdruckreiniger ist sehr einfach zu bedienen und wiegt wenig. Im Lieferumfang enthalten: Tornado- und Powerspeed-Click &amp; Clean-D\u00fcsen, Schaumspr\u00fcher, gro\u00dfe R\u00e4der und Aufbewahrung f\u00fcr D\u00fcsen und Zubeh\u00f6r im Ger\u00e4t. Um die Leistung zu erh\u00f6hen, kann dieser Nilfisk auf eine breite Palette von optionalem Zubeh\u00f6r angepasst werden. <\/p>\n<p>Ideal f\u00fcr die gelegentliche Anwendungen: sehr wendig und kompakt<br \/>\nUniversalmotor 1400W und robuste Aluminiumpumpe<br \/>\nLeicht zu man\u00f6vrieren, kompakt und leicht verstaubar<br \/>\nOptimale Reinigungsergebnisse mit einer Wasserleistung von bis zu 440 Litern pro Stunde und einem Arbeitsdruck von 110 bar<br \/>\nAusgestattet mit einer Schnellschlusskupplung mit Anti-Drill-System sowie dem Click&amp;Clean D\u00fcsenkonzept<br \/>\n<div class=\"main-cross-sell\" data-asin=\"B01MS6VMG5\">\n\n\t<div class=\"WooZone-cross-sell-loader\">\n\t\t<div>\n\t\t\t<div id=\"floatingBarsG\">\n\t\t\t\t<div class=\"blockG\" id=\"rotateG_01\"><\/div>\n\t\t\t\t<div class=\"blockG\" id=\"rotateG_02\"><\/div>\n\t\t\t\t<div class=\"blockG\" id=\"rotateG_03\"><\/div>\n\t\t\t\t<div class=\"blockG\" id=\"rotateG_04\"><\/div>\n\t\t\t\t<div class=\"blockG\" id=\"rotateG_05\"><\/div>\n\t\t\t\t<div class=\"blockG\" id=\"rotateG_06\"><\/div>\n\t\t\t\t<div class=\"blockG\" id=\"rotateG_07\"><\/div>\n\t\t\t\t<div class=\"blockG\" id=\"rotateG_08\"><\/div>\n\t\t\t<\/div>\n\t\t\t<div class=\"WooZone-cross-sell-loader-text\"><\/div>\n\t\t<\/div>\n\t<\/div>\n\n\t\t\n<\/div>\n<div style=\"clear:both;\"><\/div>\n","protected":false},"excerpt":{"rendered":"<p>Ideal f\u00fcr die gelegentliche Anwendungen: sehr wendig und kompakt<br \/>\nUniversalmotor 1400W und robuste Aluminiumpumpe<br \/>\nLeicht zu man\u00f6vrieren, kompakt und leicht verstaubar<\/p>\n","protected":false},"featured_media":13397,"comment_status":"open","ping_status":"closed","template":"","meta":[],"product_cat":[115,110],"product_tag":[],"class_list":{"0":"post-13396","1":"product","2":"type-product","3":"status-publish","4":"has-post-thumbnail","6":"product_cat-hochdruckreiniger","7":"product_cat-reinigen-und-sandstrahlen","8":"pa_brand-nilfisk","11":"first","12":"instock","13":"shipping-taxable","14":"product-type-external"},"_links":{"self":[{"href":"https:\/\/werkzeuge-aller-art.com\/index.php?rest_route=\/wp\/v2\/product\/13396","targetHints":{"allow":["GET"]}}],"collection":[{"href":"https:\/\/werkzeuge-aller-art.com\/index.php?rest_route=\/wp\/v2\/product"}],"about":[{"href":"https:\/\/werkzeuge-aller-art.com\/index.php?rest_route=\/wp\/v2\/types\/product"}],"replies":[{"embeddable":true,"href":"https:\/\/werkzeuge-aller-art.com\/index.php?rest_route=%2Fwp%2Fv2%2Fcomments&post=13396"}],"wp:featuredmedia":[{"embeddable":true,"href":"https:\/\/werkzeuge-aller-art.com\/index.php?rest_route=\/wp\/v2\/media\/13397"}],"wp:attachment":[{"href":"https:\/\/werkzeuge-aller-art.com\/index.php?rest_route=%2Fwp%2Fv2%2Fmedia&parent=13396"}],"wp:term":[{"taxonomy":"product_cat","embeddable":true,"href":"https:\/\/werkzeuge-aller-art.com\/index.php?rest_route=%2Fwp%2Fv2%2Fproduct_cat&post=13396"},{"taxonomy":"product_tag","embeddable":true,"href":"https:\/\/werkzeuge-aller-art.com\/index.php?rest_route=%2Fwp%2Fv2%2Fproduct_tag&post=13396"}],"curies":[{"name":"wp","href":"https:\/\/api.w.org\/{rel}","templated":true}]}}