{"id":13195,"date":"2020-03-07T21:19:26","date_gmt":"2020-03-07T20:19:26","guid":{"rendered":"https:\/\/werkzeuge-aller-art.com\/?product=einhell-schlagbohrmaschine-tc-id-720-e-720-w-bohrleistung-o-holz-30-mm-beton-13-mm-metall-10-mm-metall-tiefenanschlag"},"modified":"2023-04-10T06:16:22","modified_gmt":"2023-04-10T04:16:22","slug":"einhell-schlagbohrmaschine-tc-id-720-e-720-w-bohrleistung-o-holz-30-mm-beton-13-mm-metall-10-mm-metall-tiefenanschlag","status":"publish","type":"product","link":"https:\/\/werkzeuge-aller-art.com\/?product=einhell-schlagbohrmaschine-tc-id-720-e-720-w-bohrleistung-o-holz-30-mm-beton-13-mm-metall-10-mm-metall-tiefenanschlag","title":{"rendered":"Einhell Schlagbohrmaschine TC-ID 720 E (720 W, Bohrleistung \u00d8 Holz 30 mm, Beton 13 mm, Metall 10 mm, Metall\u2026"},"content":{"rendered":"<div id='gallery-1' class='gallery galleryid-13195 gallery-columns-3 gallery-size-full'><dl class='gallery-item'>\r\n\t<dt class='gallery-icon landscape'>\r\n\t<a rel='gallery-nr'><img loading=\"lazy\" decoding=\"async\" width=\"500\" height=\"500\" src=\"https:\/\/images-na.ssl-images-amazon.com\/images\/I\/51IOO77LaBL.jpg\" class=\"attachment-full size-full\" alt=\"\" srcset=\"https:\/\/images-na.ssl-images-amazon.com\/images\/I\/51IOO77LaBL.jpg 500w, https:\/\/images-na.ssl-images-amazon.com\/images\/I\/51IOO77LaBL._SS150_.jpg 150w, https:\/\/images-na.ssl-images-amazon.com\/images\/I\/51IOO77LaBL._SS300_.jpg 300w, https:\/\/images-na.ssl-images-amazon.com\/images\/I\/51IOO77LaBL._SS768_.jpg 768w, https:\/\/images-na.ssl-images-amazon.com\/images\/I\/51IOO77LaBL._SS1024_.jpg 1024w, https:\/\/images-na.ssl-images-amazon.com\/images\/I\/51IOO77LaBL._SS1536_.jpg 1536w, https:\/\/images-na.ssl-images-amazon.com\/images\/I\/51IOO77LaBL._SS2048_.jpg 2048w, https:\/\/images-na.ssl-images-amazon.com\/images\/I\/51IOO77LaBL._SS145_.jpg 145w, https:\/\/images-na.ssl-images-amazon.com\/images\/I\/51IOO77LaBL._SS1400_.jpg 1400w, https:\/\/images-na.ssl-images-amazon.com\/images\/I\/51IOO77LaBL._SS50_.jpg 50w, https:\/\/images-na.ssl-images-amazon.com\/images\/I\/51IOO77LaBL._SS604_.jpg 604w, https:\/\/images-na.ssl-images-amazon.com\/images\/I\/51IOO77LaBL._SS262_.jpg 262w, https:\/\/images-na.ssl-images-amazon.com\/images\/I\/51IOO77LaBL._SS600_.jpg 600w, https:\/\/images-na.ssl-images-amazon.com\/images\/I\/51IOO77LaBL._SS100_.jpg 100w\" sizes=\"auto, (max-width: 500px) 100vw, 500px\" \/><\/a>\r\n\t<\/dt>\r\n\t<dd class='wp-caption-text gallery-caption'>\r\n\t<div class='gallery-caption-inner'> <div class='wp-caption-text gallery-title'>\r\n\tEinhell-Schlagbohrmaschine-TC-ID-720-E-720-W-Bohrleistung&#8211;Holz-30-mm-Beton-13-mm-Metall-10-mm-Metall-Tiefenanschlag\r\n\t<\/div><div class='wp-caption-text gallery-zoom no-text'>\r\n\t\t<a href=https:\/\/werkzeuge-aller-art.com\/?attachment_id=13196 title='Click to view Full Image' class='icon mustang-gallery'><i class='fa fa-plus'><\/i><\/a>\r\n\t\t<\/div><div class='wp-caption-text gallery-redirect'>\r\n\t\t<a href=https:\/\/werkzeuge-aller-art.com\/?attachment_id=13196 title='Click to view read more' class='icon readmore'><i class='fa fa-link'><\/i><\/a>\r\n\t\t<\/div><\/div><\/dd><\/dl><dl class='gallery-item'>\r\n\t<dt class='gallery-icon landscape'>\r\n\t<a rel='gallery-nr'><img loading=\"lazy\" decoding=\"async\" width=\"500\" height=\"500\" src=\"https:\/\/images-na.ssl-images-amazon.com\/images\/I\/51pLG791o2L.jpg\" class=\"attachment-full size-full\" alt=\"\" srcset=\"https:\/\/images-na.ssl-images-amazon.com\/images\/I\/51pLG791o2L.jpg 500w, https:\/\/images-na.ssl-images-amazon.com\/images\/I\/51pLG791o2L._SS150_.jpg 150w, https:\/\/images-na.ssl-images-amazon.com\/images\/I\/51pLG791o2L._SS300_.jpg 300w, https:\/\/images-na.ssl-images-amazon.com\/images\/I\/51pLG791o2L._SS768_.jpg 768w, https:\/\/images-na.ssl-images-amazon.com\/images\/I\/51pLG791o2L._SS1024_.jpg 1024w, https:\/\/images-na.ssl-images-amazon.com\/images\/I\/51pLG791o2L._SS1536_.jpg 1536w, https:\/\/images-na.ssl-images-amazon.com\/images\/I\/51pLG791o2L._SS2048_.jpg 2048w, https:\/\/images-na.ssl-images-amazon.com\/images\/I\/51pLG791o2L._SS145_.jpg 145w, https:\/\/images-na.ssl-images-amazon.com\/images\/I\/51pLG791o2L._SS1400_.jpg 1400w, https:\/\/images-na.ssl-images-amazon.com\/images\/I\/51pLG791o2L._SS50_.jpg 50w, https:\/\/images-na.ssl-images-amazon.com\/images\/I\/51pLG791o2L._SS604_.jpg 604w, https:\/\/images-na.ssl-images-amazon.com\/images\/I\/51pLG791o2L._SS262_.jpg 262w, https:\/\/images-na.ssl-images-amazon.com\/images\/I\/51pLG791o2L._SS600_.jpg 600w, https:\/\/images-na.ssl-images-amazon.com\/images\/I\/51pLG791o2L._SS100_.jpg 100w\" sizes=\"auto, (max-width: 500px) 100vw, 500px\" \/><\/a>\r\n\t<\/dt>\r\n\t<dd class='wp-caption-text gallery-caption'>\r\n\t<div class='gallery-caption-inner'> <div class='wp-caption-text gallery-title'>\r\n\tEinhell-Schlagbohrmaschine-TC-ID-720-E-720-W-Bohrleistung&#8211;Holz-30-mm-Beton-13-mm-Metall-10-mm-Metall-Tiefenanschlag\r\n\t<\/div><div class='wp-caption-text gallery-zoom no-text'>\r\n\t\t<a href=https:\/\/werkzeuge-aller-art.com\/?attachment_id=13197 title='Click to view Full Image' class='icon mustang-gallery'><i class='fa fa-plus'><\/i><\/a>\r\n\t\t<\/div><div class='wp-caption-text gallery-redirect'>\r\n\t\t<a href=https:\/\/werkzeuge-aller-art.com\/?attachment_id=13197 title='Click to view read more' class='icon readmore'><i class='fa fa-link'><\/i><\/a>\r\n\t\t<\/div><\/div><\/dd><\/dl><dl class='gallery-item'>\r\n\t<dt class='gallery-icon landscape'>\r\n\t<a rel='gallery-nr'><img loading=\"lazy\" decoding=\"async\" width=\"500\" height=\"500\" src=\"https:\/\/images-na.ssl-images-amazon.com\/images\/I\/519L0VLks-L.jpg\" class=\"attachment-full size-full\" alt=\"\" srcset=\"https:\/\/images-na.ssl-images-amazon.com\/images\/I\/519L0VLks-L.jpg 500w, https:\/\/images-na.ssl-images-amazon.com\/images\/I\/519L0VLks-L._SS150_.jpg 150w, https:\/\/images-na.ssl-images-amazon.com\/images\/I\/519L0VLks-L._SS300_.jpg 300w, https:\/\/images-na.ssl-images-amazon.com\/images\/I\/519L0VLks-L._SS768_.jpg 768w, https:\/\/images-na.ssl-images-amazon.com\/images\/I\/519L0VLks-L._SS1024_.jpg 1024w, https:\/\/images-na.ssl-images-amazon.com\/images\/I\/519L0VLks-L._SS1536_.jpg 1536w, https:\/\/images-na.ssl-images-amazon.com\/images\/I\/519L0VLks-L._SS2048_.jpg 2048w, https:\/\/images-na.ssl-images-amazon.com\/images\/I\/519L0VLks-L._SS145_.jpg 145w, https:\/\/images-na.ssl-images-amazon.com\/images\/I\/519L0VLks-L._SS1400_.jpg 1400w, https:\/\/images-na.ssl-images-amazon.com\/images\/I\/519L0VLks-L._SS50_.jpg 50w, https:\/\/images-na.ssl-images-amazon.com\/images\/I\/519L0VLks-L._SS604_.jpg 604w, https:\/\/images-na.ssl-images-amazon.com\/images\/I\/519L0VLks-L._SS262_.jpg 262w, https:\/\/images-na.ssl-images-amazon.com\/images\/I\/519L0VLks-L._SS600_.jpg 600w, https:\/\/images-na.ssl-images-amazon.com\/images\/I\/519L0VLks-L._SS100_.jpg 100w\" sizes=\"auto, (max-width: 500px) 100vw, 500px\" \/><\/a>\r\n\t<\/dt>\r\n\t<dd class='wp-caption-text gallery-caption'>\r\n\t<div class='gallery-caption-inner'> <div class='wp-caption-text gallery-title'>\r\n\tEinhell-Schlagbohrmaschine-TC-ID-720-E-720-W-Bohrleistung&#8211;Holz-30-mm-Beton-13-mm-Metall-10-mm-Metall-Tiefenanschlag\r\n\t<\/div><div class='wp-caption-text gallery-zoom no-text'>\r\n\t\t<a href=https:\/\/werkzeuge-aller-art.com\/?attachment_id=13198 title='Click to view Full Image' class='icon mustang-gallery'><i class='fa fa-plus'><\/i><\/a>\r\n\t\t<\/div><div class='wp-caption-text gallery-redirect'>\r\n\t\t<a href=https:\/\/werkzeuge-aller-art.com\/?attachment_id=13198 title='Click to view read more' class='icon readmore'><i class='fa fa-link'><\/i><\/a>\r\n\t\t<\/div><\/div><\/dd><\/dl>\r\n<\/div>\n<br \/>\n<!-- show up to 2 reviews by default --> <\/p>\n<p><b>Produktbeschreibung Einhell TC-ID 720E Schlagbohrmaschine<\/b> <\/p>\n<\/p>\n<p> <b>Ausstattung<\/b> <\/p>\n<ul>\n<li>Schnellspannbohrfutter mit Lockfunktion<\/li>\n<li>Umschalter Bohren \/ Schlagbohren<\/li>\n<li>Gro\u00dfer Softgriffbereich<\/li>\n<li>Arretierschalter f\u00fcr Dauerbetrieb<\/li>\n<li>Drehzahl-Regelelektronik mit Drehzahlvorwahl<\/li>\n<li>Rechts- und Linkslauf<\/li>\n<li>Spannhals 43 mm<\/li>\n<\/ul>\n<p> <b>Technische Daten<\/b> <\/p>\n<ul>\n<li>Netzanschluss: 230 -240 V ~ 50 Hz<\/li>\n<li>Aufnahmeleistung: 720 Watt<\/li>\n<li>Drehzahl: 0 \u2013 2.700 min-1<\/li>\n<li>Schlagzahl: 0 \u2013 43.200 min-1<\/li>\n<li>Bohrleistung (Holz\/ Beton\/ Metall): 30 \/ 13 \/ 10 mm<\/li>\n<\/ul>\n<p> <b>Serienm\u00e4\u00dfiges Zubeh\u00f6r<\/b> <\/p>\n<ul>\n<li>Zusatzhandgriff mit Verdrehsicherung<\/li>\n<li>Metall-Tiefenanschlag<\/li>\n<\/ul>\n<p>Schrauben, Bohren und Schlagbohren mit starken 720 Watt Leistung und Drehzahl-Regelelektronik mit Drehzahlvorwahl<br \/>\nSchlanke und kompakte Bauform und ergonomischer, vibrationsd\u00e4mpfender Griffbereich mit Softgriff<br \/>\nHochwertiges und robustes Schnellspannbohrfutter mit praktischer Lockfunktion<br \/>\nStufenlos einstellbarer Tiefenanschlag aus massivem Metall<br \/>\nZusatzhandgriff mit Verdrehsicherung zur sicheren Fixierung<br \/>\n<div class=\"main-cross-sell\" data-asin=\"B00H2Q50N2\">\n\n\t<div class=\"WooZone-cross-sell-loader\">\n\t\t<div>\n\t\t\t<div id=\"floatingBarsG\">\n\t\t\t\t<div class=\"blockG\" id=\"rotateG_01\"><\/div>\n\t\t\t\t<div class=\"blockG\" id=\"rotateG_02\"><\/div>\n\t\t\t\t<div class=\"blockG\" id=\"rotateG_03\"><\/div>\n\t\t\t\t<div class=\"blockG\" id=\"rotateG_04\"><\/div>\n\t\t\t\t<div class=\"blockG\" id=\"rotateG_05\"><\/div>\n\t\t\t\t<div class=\"blockG\" id=\"rotateG_06\"><\/div>\n\t\t\t\t<div class=\"blockG\" id=\"rotateG_07\"><\/div>\n\t\t\t\t<div class=\"blockG\" id=\"rotateG_08\"><\/div>\n\t\t\t<\/div>\n\t\t\t<div class=\"WooZone-cross-sell-loader-text\"><\/div>\n\t\t<\/div>\n\t<\/div>\n\n\t\t\n<\/div>\n<div style=\"clear:both;\"><\/div>\n","protected":false},"excerpt":{"rendered":"<p>Schrauben, Bohren und Schlagbohren mit starken 720 Watt Leistung und Drehzahl-Regelelektronik mit Drehzahlvorwahl<br \/>\nSchlanke und kompakte Bauform und ergonomischer, vibrationsd\u00e4mpfender Griffbereich mit Softgriff<br \/>\nHochwertiges und robustes Schnellspannbohrfutter mit praktischer Lockfunktion<\/p>\n","protected":false},"featured_media":13196,"comment_status":"open","ping_status":"closed","template":"","meta":[],"product_cat":[108,113],"product_tag":[],"class_list":{"0":"post-13195","1":"product","2":"type-product","3":"status-publish","4":"has-post-thumbnail","6":"product_cat-bohren-und-schrauben","7":"product_cat-bohrmaschinen","8":"pa_brand-einhell","11":"first","12":"instock","13":"shipping-taxable","14":"product-type-external"},"_links":{"self":[{"href":"https:\/\/werkzeuge-aller-art.com\/index.php?rest_route=\/wp\/v2\/product\/13195","targetHints":{"allow":["GET"]}}],"collection":[{"href":"https:\/\/werkzeuge-aller-art.com\/index.php?rest_route=\/wp\/v2\/product"}],"about":[{"href":"https:\/\/werkzeuge-aller-art.com\/index.php?rest_route=\/wp\/v2\/types\/product"}],"replies":[{"embeddable":true,"href":"https:\/\/werkzeuge-aller-art.com\/index.php?rest_route=%2Fwp%2Fv2%2Fcomments&post=13195"}],"wp:featuredmedia":[{"embeddable":true,"href":"https:\/\/werkzeuge-aller-art.com\/index.php?rest_route=\/wp\/v2\/media\/13196"}],"wp:attachment":[{"href":"https:\/\/werkzeuge-aller-art.com\/index.php?rest_route=%2Fwp%2Fv2%2Fmedia&parent=13195"}],"wp:term":[{"taxonomy":"product_cat","embeddable":true,"href":"https:\/\/werkzeuge-aller-art.com\/index.php?rest_route=%2Fwp%2Fv2%2Fproduct_cat&post=13195"},{"taxonomy":"product_tag","embeddable":true,"href":"https:\/\/werkzeuge-aller-art.com\/index.php?rest_route=%2Fwp%2Fv2%2Fproduct_tag&post=13195"}],"curies":[{"name":"wp","href":"https:\/\/api.w.org\/{rel}","templated":true}]}}