{"id":12966,"date":"2020-03-07T21:05:23","date_gmt":"2020-03-07T20:05:23","guid":{"rendered":"https:\/\/werkzeuge-aller-art.com\/?product=makita-akku-bohrschrauber-ohne-akku-ladegeraet-450-w-18-v-ddf484z-blau-schwarz"},"modified":"2023-04-06T05:56:39","modified_gmt":"2023-04-06T03:56:39","slug":"makita-akku-bohrschrauber-ohne-akku-ladegeraet-450-w-18-v-ddf484z-blau-schwarz","status":"publish","type":"product","link":"https:\/\/werkzeuge-aller-art.com\/?product=makita-akku-bohrschrauber-ohne-akku-ladegeraet-450-w-18-v-ddf484z-blau-schwarz","title":{"rendered":"Makita DDF484Z Akku-Bohrschrauber 18 V (ohne Akku, ohne Ladeger\u00e4t)"},"content":{"rendered":"\n\t\t<div id='gallery-1' class='gallery galleryid-12966 gallery-columns-3 gallery-size-full'><dl class='gallery-item'>\r\n\t<dt class='gallery-icon landscape'>\r\n\t<a rel='gallery-nr'><img loading=\"lazy\" decoding=\"async\" width=\"500\" height=\"500\" src=\"https:\/\/images-na.ssl-images-amazon.com\/images\/I\/41a6VCjZ3oL.jpg\" class=\"attachment-full size-full\" alt=\"\" srcset=\"https:\/\/images-na.ssl-images-amazon.com\/images\/I\/41a6VCjZ3oL.jpg 500w, https:\/\/images-na.ssl-images-amazon.com\/images\/I\/41a6VCjZ3oL._SS150_.jpg 150w, https:\/\/images-na.ssl-images-amazon.com\/images\/I\/41a6VCjZ3oL._SS300_.jpg 300w, https:\/\/images-na.ssl-images-amazon.com\/images\/I\/41a6VCjZ3oL._SS768_.jpg 768w, https:\/\/images-na.ssl-images-amazon.com\/images\/I\/41a6VCjZ3oL._SS1024_.jpg 1024w, https:\/\/images-na.ssl-images-amazon.com\/images\/I\/41a6VCjZ3oL._SS1536_.jpg 1536w, https:\/\/images-na.ssl-images-amazon.com\/images\/I\/41a6VCjZ3oL._SS2048_.jpg 2048w, https:\/\/images-na.ssl-images-amazon.com\/images\/I\/41a6VCjZ3oL._SS145_.jpg 145w, https:\/\/images-na.ssl-images-amazon.com\/images\/I\/41a6VCjZ3oL._SS1400_.jpg 1400w, https:\/\/images-na.ssl-images-amazon.com\/images\/I\/41a6VCjZ3oL._SS50_.jpg 50w, https:\/\/images-na.ssl-images-amazon.com\/images\/I\/41a6VCjZ3oL._SS604_.jpg 604w, https:\/\/images-na.ssl-images-amazon.com\/images\/I\/41a6VCjZ3oL._SS262_.jpg 262w, https:\/\/images-na.ssl-images-amazon.com\/images\/I\/41a6VCjZ3oL._SS600_.jpg 600w, https:\/\/images-na.ssl-images-amazon.com\/images\/I\/41a6VCjZ3oL._SS100_.jpg 100w\" sizes=\"auto, (max-width: 500px) 100vw, 500px\" \/><\/a>\r\n\t<\/dt>\r\n\t<dd class='wp-caption-text gallery-caption'>\r\n\t<div class='gallery-caption-inner'> <div class='wp-caption-text gallery-title'>\r\n\tMakita-Akku-Bohrschrauber-ohne-AkkuLadegert-450-W-18-V-DDF484Z-BlauSchwarz\r\n\t<\/div><div class='wp-caption-text gallery-zoom no-text'>\r\n\t\t<a href=https:\/\/werkzeuge-aller-art.com\/?attachment_id=12970 title='Click to view Full Image' class='icon mustang-gallery'><i class='fa fa-plus'><\/i><\/a>\r\n\t\t<\/div><div class='wp-caption-text gallery-redirect'>\r\n\t\t<a href=https:\/\/werkzeuge-aller-art.com\/?attachment_id=12970 title='Click to view read more' class='icon readmore'><i class='fa fa-link'><\/i><\/a>\r\n\t\t<\/div><\/div><\/dd><\/dl><dl class='gallery-item'>\r\n\t<dt class='gallery-icon landscape'>\r\n\t<a rel='gallery-nr'><img loading=\"lazy\" decoding=\"async\" width=\"500\" height=\"500\" src=\"https:\/\/images-na.ssl-images-amazon.com\/images\/I\/41FSrcR6HoL.jpg\" class=\"attachment-full size-full\" alt=\"\" srcset=\"https:\/\/images-na.ssl-images-amazon.com\/images\/I\/41FSrcR6HoL.jpg 500w, https:\/\/images-na.ssl-images-amazon.com\/images\/I\/41FSrcR6HoL._SS150_.jpg 150w, https:\/\/images-na.ssl-images-amazon.com\/images\/I\/41FSrcR6HoL._SS300_.jpg 300w, https:\/\/images-na.ssl-images-amazon.com\/images\/I\/41FSrcR6HoL._SS768_.jpg 768w, https:\/\/images-na.ssl-images-amazon.com\/images\/I\/41FSrcR6HoL._SS1024_.jpg 1024w, https:\/\/images-na.ssl-images-amazon.com\/images\/I\/41FSrcR6HoL._SS1536_.jpg 1536w, https:\/\/images-na.ssl-images-amazon.com\/images\/I\/41FSrcR6HoL._SS2048_.jpg 2048w, https:\/\/images-na.ssl-images-amazon.com\/images\/I\/41FSrcR6HoL._SS145_.jpg 145w, https:\/\/images-na.ssl-images-amazon.com\/images\/I\/41FSrcR6HoL._SS1400_.jpg 1400w, https:\/\/images-na.ssl-images-amazon.com\/images\/I\/41FSrcR6HoL._SS50_.jpg 50w, https:\/\/images-na.ssl-images-amazon.com\/images\/I\/41FSrcR6HoL._SS604_.jpg 604w, https:\/\/images-na.ssl-images-amazon.com\/images\/I\/41FSrcR6HoL._SS262_.jpg 262w, https:\/\/images-na.ssl-images-amazon.com\/images\/I\/41FSrcR6HoL._SS600_.jpg 600w, https:\/\/images-na.ssl-images-amazon.com\/images\/I\/41FSrcR6HoL._SS100_.jpg 100w\" sizes=\"auto, (max-width: 500px) 100vw, 500px\" \/><\/a>\r\n\t<\/dt>\r\n\t<dd class='wp-caption-text gallery-caption'>\r\n\t<div class='gallery-caption-inner'> <div class='wp-caption-text gallery-title'>\r\n\tMakita-Akku-Bohrschrauber-ohne-AkkuLadegert-450-W-18-V-DDF484Z-BlauSchwarz\r\n\t<\/div><div class='wp-caption-text gallery-zoom no-text'>\r\n\t\t<a href=https:\/\/werkzeuge-aller-art.com\/?attachment_id=12971 title='Click to view Full Image' class='icon mustang-gallery'><i class='fa fa-plus'><\/i><\/a>\r\n\t\t<\/div><div class='wp-caption-text gallery-redirect'>\r\n\t\t<a href=https:\/\/werkzeuge-aller-art.com\/?attachment_id=12971 title='Click to view read more' class='icon readmore'><i class='fa fa-link'><\/i><\/a>\r\n\t\t<\/div><\/div><\/dd><\/dl>\r\n<\/div>\n\n<div class=\"disclaim\"> Stil:<strong>ohne Ladeger\u00e4t<\/strong> | Gr\u00f6\u00dfe:<strong>ohne Akku<\/strong> <\/div>\n<p> <!-- show up to 2 reviews by default --> <\/p>\n<p>DDF484Z Akku-Bohrschrauber 18 V \/ Mit Motorbremse. Robustes Getriebegeh\u00e4use aus Aluminium-Druckguss. Kompakter Akku- Bohrschrauber mit nur 172 mm Geh\u00e4usel\u00e4nge . Mit leuchtstarker Doppel-LED. B\u00fcrstenloser Motor f\u00fcr mehr Ausdauer, l\u00e4ngere Lebensdauer und kompaktere Bauweise. Lieferung im Karton ohne Akku, ohne Ladeger\u00e4t, ohne Koffer. Drehmoment in 21 Stufen einstellbar. 2-Gang-Vollmetall-Planetengetriebe \/ Technische Details: Akkuspannung: 18 V. Drehmoment weich: 30 Nm. Drehmoment hart: 54 Nm. Bohrfutterspannweite: 1,5#-#13 mm. Bohrleistung in Holz: 38 mm. Bohrleistung in Stahl: 13 mm. Leerlaufdrehzahl 1. Gang: 0-500 . Leerlaufdrehzahl 2. Gang: 0-2.000 . Breite: 79 mm. Hoehe: 261 mm. Laenge: 172 mm. Gewicht: 1,5 kg. Vibration: 2,5 m\/s\u00b2. K-Wert Vibration: 42856 m\/s\u00b2. K-Wert Ger\u00e4usch: 3 dB(A). Schalldruckpegel : 76 dB(A) \/ Mitgeliefertes Zubeh\u00f6r: 1 PH\/LS Doppelbit. <\/p>\n<p>Mit Motorbremse<br \/>\nRobustes Getriebegeh\u00e4use aus Aluminium-Druckguss<br \/>\nKompakter Akku- Bohrschrauber mit nur 172 mm Geh\u00e4usel\u00e4nge<br \/>\nMit leuchtstarker Doppel-LED<br \/>\nB\u00fcrstenloser Motor f\u00fcr mehr Ausdauer, l\u00e4ngere Lebensdauer und kompaktere Bauweise<br \/>\nEs wird entweder eine schwarze oder eine blaue Version geliefert.<br \/>\n<div class=\"main-cross-sell\" data-asin=\"B01MXZ45SW\">\n\n\t<div class=\"WooZone-cross-sell-loader\">\n\t\t<div>\n\t\t\t<div id=\"floatingBarsG\">\n\t\t\t\t<div class=\"blockG\" id=\"rotateG_01\"><\/div>\n\t\t\t\t<div class=\"blockG\" id=\"rotateG_02\"><\/div>\n\t\t\t\t<div class=\"blockG\" id=\"rotateG_03\"><\/div>\n\t\t\t\t<div class=\"blockG\" id=\"rotateG_04\"><\/div>\n\t\t\t\t<div class=\"blockG\" id=\"rotateG_05\"><\/div>\n\t\t\t\t<div class=\"blockG\" id=\"rotateG_06\"><\/div>\n\t\t\t\t<div class=\"blockG\" id=\"rotateG_07\"><\/div>\n\t\t\t\t<div class=\"blockG\" id=\"rotateG_08\"><\/div>\n\t\t\t<\/div>\n\t\t\t<div class=\"WooZone-cross-sell-loader-text\"><\/div>\n\t\t<\/div>\n\t<\/div>\n\n\t\t\n<\/div>\n<div style=\"clear:both;\"><\/div>\n","protected":false},"excerpt":{"rendered":"<p>Mit Motorbremse<br \/>\nRobustes Getriebegeh\u00e4use aus Aluminium-Druckguss<br \/>\nKompakter Akku- Bohrschrauber mit nur 172 mm Geh\u00e4usel\u00e4nge<\/p>\n","protected":false},"featured_media":12970,"comment_status":"open","ping_status":"closed","template":"","meta":[],"product_cat":[114,108],"product_tag":[],"class_list":{"0":"post-12966","1":"product","2":"type-product","3":"status-publish","4":"has-post-thumbnail","6":"product_cat-akkuschrauber","7":"product_cat-bohren-und-schrauben","8":"pa_brand-makita","9":"pa_groesse-mit-2x-akku-50-ah","10":"pa_groesse-systemkit-mit-1x-akku-15-ah","11":"pa_stil-bit-set-31tlg","12":"pa_stil-bohrer-bit-set","13":"pa_stil-ohne-ladegeraet-im-makpac","16":"first","17":"instock","18":"shipping-taxable","19":"product-type-external"},"_links":{"self":[{"href":"https:\/\/werkzeuge-aller-art.com\/index.php?rest_route=\/wp\/v2\/product\/12966","targetHints":{"allow":["GET"]}}],"collection":[{"href":"https:\/\/werkzeuge-aller-art.com\/index.php?rest_route=\/wp\/v2\/product"}],"about":[{"href":"https:\/\/werkzeuge-aller-art.com\/index.php?rest_route=\/wp\/v2\/types\/product"}],"replies":[{"embeddable":true,"href":"https:\/\/werkzeuge-aller-art.com\/index.php?rest_route=%2Fwp%2Fv2%2Fcomments&post=12966"}],"wp:featuredmedia":[{"embeddable":true,"href":"https:\/\/werkzeuge-aller-art.com\/index.php?rest_route=\/wp\/v2\/media\/12970"}],"wp:attachment":[{"href":"https:\/\/werkzeuge-aller-art.com\/index.php?rest_route=%2Fwp%2Fv2%2Fmedia&parent=12966"}],"wp:term":[{"taxonomy":"product_cat","embeddable":true,"href":"https:\/\/werkzeuge-aller-art.com\/index.php?rest_route=%2Fwp%2Fv2%2Fproduct_cat&post=12966"},{"taxonomy":"product_tag","embeddable":true,"href":"https:\/\/werkzeuge-aller-art.com\/index.php?rest_route=%2Fwp%2Fv2%2Fproduct_tag&post=12966"}],"curies":[{"name":"wp","href":"https:\/\/api.w.org\/{rel}","templated":true}]}}